{"id":63766,"date":"2025-05-02T19:08:28","date_gmt":"2025-05-02T17:08:28","guid":{"rendered":"https:\/\/new.villa-arson.fr\/?page_id=63766"},"modified":"2025-05-02T19:08:32","modified_gmt":"2025-05-02T17:08:32","slug":"private-hire","status":"publish","type":"page","link":"https:\/\/new.villa-arson.fr\/en\/private-hire\/","title":{"rendered":"Private Hire"},"content":{"rendered":"\n<h1 class=\"wp-block-heading\"><strong>Private Hire<\/strong><\/h1>\n\n\n\n<figure class=\"wp-block-image size-large\"><img decoding=\"async\" width=\"1024\" height=\"768\" src=\"https:\/\/villa-arson-assets.ams3.digitaloceanspaces.com\/production\/app\/uploads\/2024\/10\/30161347\/B3_VUE-DRONE_VILLA_B3_B4_002094-1-1024x768.jpg\" alt=\"\" class=\"wp-image-54992\" srcset=\"https:\/\/villa-arson-assets.ams3.digitaloceanspaces.com\/production\/app\/uploads\/2024\/10\/30161347\/B3_VUE-DRONE_VILLA_B3_B4_002094-1-1024x768.jpg 1024w, https:\/\/villa-arson-assets.ams3.digitaloceanspaces.com\/production\/app\/uploads\/2024\/10\/30161347\/B3_VUE-DRONE_VILLA_B3_B4_002094-1-300x225.jpg 300w, https:\/\/villa-arson-assets.ams3.digitaloceanspaces.com\/production\/app\/uploads\/2024\/10\/30161347\/B3_VUE-DRONE_VILLA_B3_B4_002094-1-768x576.jpg 768w, https:\/\/villa-arson-assets.ams3.digitaloceanspaces.com\/production\/app\/uploads\/2024\/10\/30161347\/B3_VUE-DRONE_VILLA_B3_B4_002094-1-387x290.jpg 387w, https:\/\/villa-arson-assets.ams3.digitaloceanspaces.com\/production\/app\/uploads\/2024\/10\/30161347\/B3_VUE-DRONE_VILLA_B3_B4_002094-1-600x450.jpg 600w, https:\/\/villa-arson-assets.ams3.digitaloceanspaces.com\/production\/app\/uploads\/2024\/10\/30161347\/B3_VUE-DRONE_VILLA_B3_B4_002094-1.jpg 1500w\" sizes=\"(max-width: 1024px) 100vw, 1024px\" \/><figcaption class=\"wp-element-caption\">\u00a9 Manuel Bougot \/ Villa Arson Nice<\/figcaption><\/figure>\n\n\n\n<p>Set on Saint-Barth\u00e9lemy hill, Villa Arson lies on a vast estate of more than two hectares (almost five acres) boasting a splendid panorama of the city of Nice and the Baie des Anges.<\/p>\n\n\n\n<p>Conceived in the 1960s thanks to the vision and drive of Minister of Culture Andr\u00e9 Malraux, Villa Arson is a unique kind of institution both in France and beyond, combining an \u00e9cole sup\u00e9rieure d\u2019art, a national contemporary art center and a residency program for artists.<\/p>\n\n\n\n<p>Designed by the architect Michel Marot, winner of the 1954 Grand Prix de Rome, Villa Arson is a labyrinth of concrete, stone and vegetation, where inner streets and patios, open-air amphitheatres, terraces and hanging gardens are all laid out harmoniously around the Arson family\u2019s 18th century home.<\/p>\n\n\n\n<p>Villa Arson is classified as a \u201cHistorical Monument\u201d and has also been awarded the \u201c20th Century Heritage\u201d label.<\/p>\n\n\n\n<p>It offers a prime location for hosting your events on the French Riviera. Our team oversees each project and can adapt to your requirements.<\/p>\n\n\n\n<h3 class=\"wp-block-heading\">Contact<\/h3>\n\n\n\n<p>For further information, write to us at <a href=\"mailto:privatisation@villa-arson.org\">privatisation@villa-arson.org<\/a>.<\/p>\n\n\n\n<h3 class=\"wp-block-heading\">Download our brochure<\/h3>\n\n\n<div class=\"wp-block-telechargements\">\n            <div>\n            <div class=\"acf-innerblocks-container\"><\/div>\n        <\/div>\n        <div class=\"grid flex-row grid-cols-2 md:grid-cols-3 gap-4\">\n                            <a href=\"https:\/\/villa-arson-assets.ams3.digitaloceanspaces.com\/production\/app\/uploads\/2024\/12\/05115926\/Brochure_votre-evenement-a-la-villa-Arson.pdf\" target=\"_blank\"><div class=\"flex flex-col link-container\">\n  <div class=\"ratio-16x9 border-black border\">\n        <div class=\"hover-overlay hover:bg-primary-light top-0 left-0 right-0 bottom-0 w-full h-full absolute flex items-center justify-center\">\n      <div class=\"h-24 w-24\">\n        <svg viewBox=\"0 0 126 126\">\n          <use xlink:href=\"#download-icon\"><\/use>\n        <\/svg>  \n      <\/div>\n    <\/div>\n    <div class=\"absolute -inset-x-px -inset-y-px h-12 w-12\">\n      <svg viewBox=\"0 0 51 51\">\n        <use xlink:href=\"#download-corner\"><\/use>\n      <\/svg>  \n    <\/div>\n  <\/div>\n\n  <div class=\"wp-block-button alignleft simple-link\">\n    <p class=\"wp-block-button__link\">Digital brochure (in French)<\/p>\n  <\/div>\n<\/div>\n<\/a>                    <\/div>\n    <\/div>\n\n\n<div class=\"align wp-block-contenu-associe\">\n            <div>\n            <div class=\"acf-innerblocks-container\">\n\n<h3 class=\"wp-block-heading\"><\/h3>\n\n<\/div>\n        <\/div>\n        <div class=\"c-a__container grid flex-row grid-cols-1 sm:grid-cols-2 lg:grid-cols-3 gap-4\">\n                            <div class=\"flex flex-col link-container\" data-href=\"https:\/\/new.villa-arson.fr\/en\/villa-arson\/architecture\/\">\n                    <a href=\"https:\/\/new.villa-arson.fr\/en\/villa-arson\/architecture\/\" class=\"contents\">\n                        <div class=\"ratio-16x9\">\n                            <figure><img decoding=\"async\" width=\"283\" height=\"290\" src=\"https:\/\/villa-arson-assets.ams3.digitaloceanspaces.com\/production\/app\/uploads\/2024\/10\/31111908\/Capture-decran-2024-10-31-a-10.17.07-283x290.png\" class=\"attachment-post-thumbnail size-post-thumbnail wp-post-image\" alt=\"\" srcset=\"https:\/\/villa-arson-assets.ams3.digitaloceanspaces.com\/production\/app\/uploads\/2024\/10\/31111908\/Capture-decran-2024-10-31-a-10.17.07-283x290.png 283w, https:\/\/villa-arson-assets.ams3.digitaloceanspaces.com\/production\/app\/uploads\/2024\/10\/31111908\/Capture-decran-2024-10-31-a-10.17.07-293x300.png 293w, https:\/\/villa-arson-assets.ams3.digitaloceanspaces.com\/production\/app\/uploads\/2024\/10\/31111908\/Capture-decran-2024-10-31-a-10.17.07-600x614.png 600w, https:\/\/villa-arson-assets.ams3.digitaloceanspaces.com\/production\/app\/uploads\/2024\/10\/31111908\/Capture-decran-2024-10-31-a-10.17.07.png 697w\" sizes=\"(max-width: 283px) 100vw, 283px\" \/><\/figure>\n                            <div class=\"hover-overlay top-0 left-0 right-0 bottom-0 hidden w-full h-full absolute\"><\/div>\n                        <\/div>\n                        <div class=\"wp-block-button alignleft simple-link\">\n                            <span class=\"wp-block-button__link\">Architecture<\/span>\n                        <\/div>\n                    <\/a>\n                <\/div>\n                            <div class=\"flex flex-col link-container\" data-href=\"https:\/\/new.villa-arson.fr\/en\/filming\/\">\n                    <a href=\"https:\/\/new.villa-arson.fr\/en\/filming\/\" class=\"contents\">\n                        <div class=\"ratio-16x9\">\n                            <figure><img decoding=\"async\" width=\"232\" height=\"290\" src=\"https:\/\/villa-arson-assets.ams3.digitaloceanspaces.com\/production\/app\/uploads\/2025\/02\/20154716\/%C2%A9-manuel-bougot-2_resultat-232x290.jpg\" class=\"attachment-post-thumbnail size-post-thumbnail wp-post-image\" alt=\"Villa Arson\" srcset=\"https:\/\/villa-arson-assets.ams3.digitaloceanspaces.com\/production\/app\/uploads\/2025\/02\/20154716\/%C2%A9-manuel-bougot-2_resultat-232x290.jpg 232w, https:\/\/villa-arson-assets.ams3.digitaloceanspaces.com\/production\/app\/uploads\/2025\/02\/20154716\/%C2%A9-manuel-bougot-2_resultat-240x300.jpg 240w, https:\/\/villa-arson-assets.ams3.digitaloceanspaces.com\/production\/app\/uploads\/2025\/02\/20154716\/%C2%A9-manuel-bougot-2_resultat-819x1024.jpg 819w, https:\/\/villa-arson-assets.ams3.digitaloceanspaces.com\/production\/app\/uploads\/2025\/02\/20154716\/%C2%A9-manuel-bougot-2_resultat-768x960.jpg 768w, https:\/\/villa-arson-assets.ams3.digitaloceanspaces.com\/production\/app\/uploads\/2025\/02\/20154716\/%C2%A9-manuel-bougot-2_resultat-1229x1536.jpg 1229w, https:\/\/villa-arson-assets.ams3.digitaloceanspaces.com\/production\/app\/uploads\/2025\/02\/20154716\/%C2%A9-manuel-bougot-2_resultat-600x750.jpg 600w, https:\/\/villa-arson-assets.ams3.digitaloceanspaces.com\/production\/app\/uploads\/2025\/02\/20154716\/%C2%A9-manuel-bougot-2_resultat.jpg 1536w\" sizes=\"(max-width: 232px) 100vw, 232px\" \/><\/figure>\n                            <div class=\"hover-overlay top-0 left-0 right-0 bottom-0 hidden w-full h-full absolute\"><\/div>\n                        <\/div>\n                        <div class=\"wp-block-button alignleft simple-link\">\n                            <span class=\"wp-block-button__link\">Filming<\/span>\n                        <\/div>\n                    <\/a>\n                <\/div>\n                            <div class=\"flex flex-col link-container\" data-href=\"https:\/\/new.villa-arson.fr\/nous-soutenir\/\">\n                    <a href=\"https:\/\/new.villa-arson.fr\/nous-soutenir\/\" class=\"contents\">\n                        <div class=\"ratio-16x9\">\n                            <figure><img decoding=\"async\" width=\"400\" height=\"259\" src=\"https:\/\/villa-arson-assets.ams3.digitaloceanspaces.com\/production\/app\/uploads\/2025\/02\/14164003\/Capture-decran-2025-02-14-a-16.39.37-400x259.jpg\" class=\"attachment-post-thumbnail size-post-thumbnail wp-post-image\" alt=\"\" srcset=\"https:\/\/villa-arson-assets.ams3.digitaloceanspaces.com\/production\/app\/uploads\/2025\/02\/14164003\/Capture-decran-2025-02-14-a-16.39.37-400x259.jpg 400w, https:\/\/villa-arson-assets.ams3.digitaloceanspaces.com\/production\/app\/uploads\/2025\/02\/14164003\/Capture-decran-2025-02-14-a-16.39.37-300x194.jpg 300w, https:\/\/villa-arson-assets.ams3.digitaloceanspaces.com\/production\/app\/uploads\/2025\/02\/14164003\/Capture-decran-2025-02-14-a-16.39.37-1024x663.jpg 1024w, https:\/\/villa-arson-assets.ams3.digitaloceanspaces.com\/production\/app\/uploads\/2025\/02\/14164003\/Capture-decran-2025-02-14-a-16.39.37-768x498.jpg 768w, https:\/\/villa-arson-assets.ams3.digitaloceanspaces.com\/production\/app\/uploads\/2025\/02\/14164003\/Capture-decran-2025-02-14-a-16.39.37-1536x995.jpg 1536w, https:\/\/villa-arson-assets.ams3.digitaloceanspaces.com\/production\/app\/uploads\/2025\/02\/14164003\/Capture-decran-2025-02-14-a-16.39.37-600x389.jpg 600w, https:\/\/villa-arson-assets.ams3.digitaloceanspaces.com\/production\/app\/uploads\/2025\/02\/14164003\/Capture-decran-2025-02-14-a-16.39.37.jpg 1920w\" sizes=\"(max-width: 400px) 100vw, 400px\" \/><\/figure>\n                            <div class=\"hover-overlay top-0 left-0 right-0 bottom-0 hidden w-full h-full absolute\"><\/div>\n                        <\/div>\n                        <div class=\"wp-block-button alignleft simple-link\">\n                            <span class=\"wp-block-button__link\">Nous soutenir<\/span>\n                        <\/div>\n                    <\/a>\n                <\/div>\n                    <\/div>\n    <\/div>\n\n\n\n<p><\/p>\n","protected":false},"excerpt":{"rendered":"<p>Private Hire Set on Saint-Barth\u00e9lemy hill, Villa Arson lies on a vast estate of more than two hectares (almost five acres) boasting a splendid panorama of the city of Nice and the Baie des Anges. Conceived in the 1960s thanks to the vision and drive of Minister of Culture Andr\u00e9 Malraux, Villa Arson is a &hellip; <a href=\"https:\/\/new.villa-arson.fr\/en\/private-hire\/\">Continued<\/a><\/p>\n","protected":false},"author":1,"featured_media":58436,"parent":0,"menu_order":0,"comment_status":"closed","ping_status":"closed","template":"","meta":{"_acf_changed":false,"_relevanssi_hide_post":"","_relevanssi_hide_content":"","_relevanssi_pin_for_all":"","_relevanssi_pin_keywords":"","_relevanssi_unpin_keywords":"","_relevanssi_related_keywords":"","_relevanssi_related_include_ids":"","_relevanssi_related_exclude_ids":"","_relevanssi_related_no_append":"","_relevanssi_related_not_related":"","_relevanssi_related_posts":"63816,63820,63813,63812,63801,63802","_relevanssi_noindex_reason":"","footnotes":""},"class_list":["post-63766","page","type-page","status-publish","has-post-thumbnail","hentry"],"acf":[],"_links":{"self":[{"href":"https:\/\/new.villa-arson.fr\/en\/wp-json\/wp\/v2\/pages\/63766","targetHints":{"allow":["GET"]}}],"collection":[{"href":"https:\/\/new.villa-arson.fr\/en\/wp-json\/wp\/v2\/pages"}],"about":[{"href":"https:\/\/new.villa-arson.fr\/en\/wp-json\/wp\/v2\/types\/page"}],"author":[{"embeddable":true,"href":"https:\/\/new.villa-arson.fr\/en\/wp-json\/wp\/v2\/users\/1"}],"replies":[{"embeddable":true,"href":"https:\/\/new.villa-arson.fr\/en\/wp-json\/wp\/v2\/comments?post=63766"}],"version-history":[{"count":1,"href":"https:\/\/new.villa-arson.fr\/en\/wp-json\/wp\/v2\/pages\/63766\/revisions"}],"predecessor-version":[{"id":63767,"href":"https:\/\/new.villa-arson.fr\/en\/wp-json\/wp\/v2\/pages\/63766\/revisions\/63767"}],"wp:featuredmedia":[{"embeddable":true,"href":"https:\/\/new.villa-arson.fr\/en\/wp-json\/wp\/v2\/media\/58436"}],"wp:attachment":[{"href":"https:\/\/new.villa-arson.fr\/en\/wp-json\/wp\/v2\/media?parent=63766"}],"curies":[{"name":"wp","href":"https:\/\/api.w.org\/{rel}","templated":true}]}}

<h1 class="wp-block-heading"><strong>Private Hire</strong></h1>



<figure class="wp-block-image size-large"><img decoding="async" width="1024" height="768" src="https://villa-arson-assets.ams3.digitaloceanspaces.com/production/app/uploads/2024/10/30161347/B3_VUE-DRONE_VILLA_B3_B4_002094-1-1024x768.jpg" alt="" class="wp-image-54992" srcset="https://villa-arson-assets.ams3.digitaloceanspaces.com/production/app/uploads/2024/10/30161347/B3_VUE-DRONE_VILLA_B3_B4_002094-1-1024x768.jpg 1024w, https://villa-arson-assets.ams3.digitaloceanspaces.com/production/app/uploads/2024/10/30161347/B3_VUE-DRONE_VILLA_B3_B4_002094-1-300x225.jpg 300w, https://villa-arson-assets.ams3.digitaloceanspaces.com/production/app/uploads/2024/10/30161347/B3_VUE-DRONE_VILLA_B3_B4_002094-1-768x576.jpg 768w, https://villa-arson-assets.ams3.digitaloceanspaces.com/production/app/uploads/2024/10/30161347/B3_VUE-DRONE_VILLA_B3_B4_002094-1-387x290.jpg 387w, https://villa-arson-assets.ams3.digitaloceanspaces.com/production/app/uploads/2024/10/30161347/B3_VUE-DRONE_VILLA_B3_B4_002094-1-600x450.jpg 600w, https://villa-arson-assets.ams3.digitaloceanspaces.com/production/app/uploads/2024/10/30161347/B3_VUE-DRONE_VILLA_B3_B4_002094-1.jpg 1500w" sizes="(max-width: 1024px) 100vw, 1024px" /><figcaption class="wp-element-caption">© Manuel Bougot / Villa Arson Nice</figcaption></figure>



<p>Set on Saint-Barthélemy hill, Villa Arson lies on a vast estate of more than two hectares (almost five acres) boasting a splendid panorama of the city of Nice and the Baie des Anges.</p>



<p>Conceived in the 1960s thanks to the vision and drive of Minister of Culture André Malraux, Villa Arson is a unique kind of institution both in France and beyond, combining an école supérieure d’art, a national contemporary art center and a residency program for artists.</p>



<p>Designed by the architect Michel Marot, winner of the 1954 Grand Prix de Rome, Villa Arson is a labyrinth of concrete, stone and vegetation, where inner streets and patios, open-air amphitheatres, terraces and hanging gardens are all laid out harmoniously around the Arson family’s 18th century home.</p>



<p>Villa Arson is classified as a “Historical Monument” and has also been awarded the “20th Century Heritage” label.</p>



<p>It offers a prime location for hosting your events on the French Riviera. Our team oversees each project and can adapt to your requirements.</p>



<h3 class="wp-block-heading">Contact</h3>



<p>For further information, write to us at <a href="mailto:privatisation@villa-arson.org">privatisation@villa-arson.org</a>.</p>



<h3 class="wp-block-heading">Download our brochure</h3>


<div class="wp-block-telechargements">
            <div>
            <div class="acf-innerblocks-container"></div>
        </div>
        <div class="grid flex-row grid-cols-2 md:grid-cols-3 gap-4">
                            <a href="https://villa-arson-assets.ams3.digitaloceanspaces.com/production/app/uploads/2024/12/05115926/Brochure_votre-evenement-a-la-villa-Arson.pdf" target="_blank"><div class="flex flex-col link-container">
  <div class="ratio-16x9 border-black border">
        <div class="hover-overlay hover:bg-primary-light top-0 left-0 right-0 bottom-0 w-full h-full absolute flex items-center justify-center">
      <div class="h-24 w-24">
        <svg viewBox="0 0 126 126">
          <use xlink:href="#download-icon"></use>
        </svg>  
      </div>
    </div>
    <div class="absolute -inset-x-px -inset-y-px h-12 w-12">
      <svg viewBox="0 0 51 51">
        <use xlink:href="#download-corner"></use>
      </svg>  
    </div>
  </div>

  <div class="wp-block-button alignleft simple-link">
    <p class="wp-block-button__link">Digital brochure (in French)</p>
  </div>
</div>
</a>                    </div>
    </div>


<div class="align wp-block-contenu-associe">
            <div>
            <div class="acf-innerblocks-container">

<h3 class="wp-block-heading"></h3>

</div>
        </div>
        <div class="c-a__container grid flex-row grid-cols-1 sm:grid-cols-2 lg:grid-cols-3 gap-4">
                            <div class="flex flex-col link-container" data-href="https://new.villa-arson.fr/en/villa-arson/architecture/">
                    <a href="https://new.villa-arson.fr/en/villa-arson/architecture/" class="contents">
                        <div class="ratio-16x9">
                            <figure><img decoding="async" width="283" height="290" src="https://villa-arson-assets.ams3.digitaloceanspaces.com/production/app/uploads/2024/10/31111908/Capture-decran-2024-10-31-a-10.17.07-283x290.png" class="attachment-post-thumbnail size-post-thumbnail wp-post-image" alt="" srcset="https://villa-arson-assets.ams3.digitaloceanspaces.com/production/app/uploads/2024/10/31111908/Capture-decran-2024-10-31-a-10.17.07-283x290.png 283w, https://villa-arson-assets.ams3.digitaloceanspaces.com/production/app/uploads/2024/10/31111908/Capture-decran-2024-10-31-a-10.17.07-293x300.png 293w, https://villa-arson-assets.ams3.digitaloceanspaces.com/production/app/uploads/2024/10/31111908/Capture-decran-2024-10-31-a-10.17.07-600x614.png 600w, https://villa-arson-assets.ams3.digitaloceanspaces.com/production/app/uploads/2024/10/31111908/Capture-decran-2024-10-31-a-10.17.07.png 697w" sizes="(max-width: 283px) 100vw, 283px" /></figure>
                            <div class="hover-overlay top-0 left-0 right-0 bottom-0 hidden w-full h-full absolute"></div>
                        </div>
                        <div class="wp-block-button alignleft simple-link">
                            <span class="wp-block-button__link">Architecture</span>
                        </div>
                    </a>
                </div>
                            <div class="flex flex-col link-container" data-href="https://new.villa-arson.fr/en/filming/">
                    <a href="https://new.villa-arson.fr/en/filming/" class="contents">
                        <div class="ratio-16x9">
                            <figure><img decoding="async" width="232" height="290" src="https://villa-arson-assets.ams3.digitaloceanspaces.com/production/app/uploads/2025/02/20154716/%C2%A9-manuel-bougot-2_resultat-232x290.jpg" class="attachment-post-thumbnail size-post-thumbnail wp-post-image" alt="Villa Arson" srcset="https://villa-arson-assets.ams3.digitaloceanspaces.com/production/app/uploads/2025/02/20154716/%C2%A9-manuel-bougot-2_resultat-232x290.jpg 232w, https://villa-arson-assets.ams3.digitaloceanspaces.com/production/app/uploads/2025/02/20154716/%C2%A9-manuel-bougot-2_resultat-240x300.jpg 240w, https://villa-arson-assets.ams3.digitaloceanspaces.com/production/app/uploads/2025/02/20154716/%C2%A9-manuel-bougot-2_resultat-819x1024.jpg 819w, https://villa-arson-assets.ams3.digitaloceanspaces.com/production/app/uploads/2025/02/20154716/%C2%A9-manuel-bougot-2_resultat-768x960.jpg 768w, https://villa-arson-assets.ams3.digitaloceanspaces.com/production/app/uploads/2025/02/20154716/%C2%A9-manuel-bougot-2_resultat-1229x1536.jpg 1229w, https://villa-arson-assets.ams3.digitaloceanspaces.com/production/app/uploads/2025/02/20154716/%C2%A9-manuel-bougot-2_resultat-600x750.jpg 600w, https://villa-arson-assets.ams3.digitaloceanspaces.com/production/app/uploads/2025/02/20154716/%C2%A9-manuel-bougot-2_resultat.jpg 1536w" sizes="(max-width: 232px) 100vw, 232px" /></figure>
                            <div class="hover-overlay top-0 left-0 right-0 bottom-0 hidden w-full h-full absolute"></div>
                        </div>
                        <div class="wp-block-button alignleft simple-link">
                            <span class="wp-block-button__link">Filming</span>
                        </div>
                    </a>
                </div>
                            <div class="flex flex-col link-container" data-href="https://new.villa-arson.fr/nous-soutenir/">
                    <a href="https://new.villa-arson.fr/nous-soutenir/" class="contents">
                        <div class="ratio-16x9">
                            <figure><img decoding="async" width="400" height="259" src="https://villa-arson-assets.ams3.digitaloceanspaces.com/production/app/uploads/2025/02/14164003/Capture-decran-2025-02-14-a-16.39.37-400x259.jpg" class="attachment-post-thumbnail size-post-thumbnail wp-post-image" alt="" srcset="https://villa-arson-assets.ams3.digitaloceanspaces.com/production/app/uploads/2025/02/14164003/Capture-decran-2025-02-14-a-16.39.37-400x259.jpg 400w, https://villa-arson-assets.ams3.digitaloceanspaces.com/production/app/uploads/2025/02/14164003/Capture-decran-2025-02-14-a-16.39.37-300x194.jpg 300w, https://villa-arson-assets.ams3.digitaloceanspaces.com/production/app/uploads/2025/02/14164003/Capture-decran-2025-02-14-a-16.39.37-1024x663.jpg 1024w, https://villa-arson-assets.ams3.digitaloceanspaces.com/production/app/uploads/2025/02/14164003/Capture-decran-2025-02-14-a-16.39.37-768x498.jpg 768w, https://villa-arson-assets.ams3.digitaloceanspaces.com/production/app/uploads/2025/02/14164003/Capture-decran-2025-02-14-a-16.39.37-1536x995.jpg 1536w, https://villa-arson-assets.ams3.digitaloceanspaces.com/production/app/uploads/2025/02/14164003/Capture-decran-2025-02-14-a-16.39.37-600x389.jpg 600w, https://villa-arson-assets.ams3.digitaloceanspaces.com/production/app/uploads/2025/02/14164003/Capture-decran-2025-02-14-a-16.39.37.jpg 1920w" sizes="(max-width: 400px) 100vw, 400px" /></figure>
                            <div class="hover-overlay top-0 left-0 right-0 bottom-0 hidden w-full h-full absolute"></div>
                        </div>
                        <div class="wp-block-button alignleft simple-link">
                            <span class="wp-block-button__link">Nous soutenir</span>
                        </div>
                    </a>
                </div>
                    </div>
    </div>



<p></p>

<p>Private Hire Set on Saint-Barthélemy hill, Villa Arson lies on a vast estate of more than two hectares (almost five acres) boasting a splendid panorama of the city of Nice and the Baie des Anges. Conceived in the 1960s thanks to the vision and drive of Minister of Culture André Malraux, Villa Arson is a &hellip; <a href="https://new.villa-arson.fr/en/private-hire/">Continued</a></p>
