{"id":63870,"date":"2025-05-02T20:38:13","date_gmt":"2025-05-02T18:38:13","guid":{"rendered":"https:\/\/new.villa-arson.fr\/villa-arson\/institution\/governance\/"},"modified":"2025-05-02T20:38:20","modified_gmt":"2025-05-02T18:38:20","slug":"governance","status":"publish","type":"page","link":"https:\/\/new.villa-arson.fr\/en\/villa-arson\/institution\/governance\/","title":{"rendered":"Governance"},"content":{"rendered":"\n<h1 class=\"wp-block-heading\">governance<\/h1>\n\n<p><br \/>The Villa Arson is a public administrative institution under the supervision of the French Ministry of Culture, part of the Universit\u00e9 C\u00f4te d&#8217;Azur. Headed by a director, it is organized into departments and divisions in accordance with the organizational chart. <\/p>\n<div class=\"wp-block-telechargements\">\n            <div>\n            <div class=\"acf-innerblocks-container\"><\/div>\n        <\/div>\n        <div class=\"grid flex-row grid-cols-2 md:grid-cols-3 gap-4\">\n                            <a href=\"https:\/\/villa-arson-assets.ams3.digitaloceanspaces.com\/production\/app\/uploads\/2025\/02\/14171645\/organigramme.pdf\" target=\"_blank\"><div class=\"flex flex-col link-container\">\n  <div class=\"ratio-16x9 border-black border\">\n        <figure class=\"h-full w-full\">\n      <img decoding=\"async\" width=\"768\" height=\"1033\" src=\"https:\/\/villa-arson-assets.ams3.digitaloceanspaces.com\/production\/app\/uploads\/2025\/02\/14171711\/Capture-decran-2025-02-14-a-17.16.15-768x1033.jpg\" class=\"lazy-load\" alt=\"\" loading=\"lazy\" srcset=\"https:\/\/villa-arson-assets.ams3.digitaloceanspaces.com\/production\/app\/uploads\/2025\/02\/14171711\/Capture-decran-2025-02-14-a-17.16.15-768x1033.jpg 768w, https:\/\/villa-arson-assets.ams3.digitaloceanspaces.com\/production\/app\/uploads\/2025\/02\/14171711\/Capture-decran-2025-02-14-a-17.16.15-223x300.jpg 223w, https:\/\/villa-arson-assets.ams3.digitaloceanspaces.com\/production\/app\/uploads\/2025\/02\/14171711\/Capture-decran-2025-02-14-a-17.16.15-761x1024.jpg 761w, https:\/\/villa-arson-assets.ams3.digitaloceanspaces.com\/production\/app\/uploads\/2025\/02\/14171711\/Capture-decran-2025-02-14-a-17.16.15-216x290.jpg 216w, https:\/\/villa-arson-assets.ams3.digitaloceanspaces.com\/production\/app\/uploads\/2025\/02\/14171711\/Capture-decran-2025-02-14-a-17.16.15-600x807.jpg 600w, https:\/\/villa-arson-assets.ams3.digitaloceanspaces.com\/production\/app\/uploads\/2025\/02\/14171711\/Capture-decran-2025-02-14-a-17.16.15.jpg 990w\" sizes=\"auto, (max-width: 768px) 100vw, 768px\" \/>\n    <\/figure>\n        <div class=\"hover-overlay hover:bg-primary-light top-0 left-0 right-0 bottom-0 w-full h-full absolute flex items-center justify-center\">\n      <div class=\"h-24 w-24\">\n        <svg viewBox=\"0 0 126 126\">\n          <use xlink:href=\"#download-icon\"><\/use>\n        <\/svg>  \n      <\/div>\n    <\/div>\n    <div class=\"absolute -inset-x-px -inset-y-px h-12 w-12\">\n      <svg viewBox=\"0 0 51 51\">\n        <use xlink:href=\"#download-corner\"><\/use>\n      <\/svg>  \n    <\/div>\n  <\/div>\n\n  <div class=\"wp-block-button alignleft simple-link\">\n    <p class=\"wp-block-button__link\"><\/p>\n  <\/div>\n<\/div>\n<\/a>                    <\/div>\n    <\/div>\n\n<p>The governance of the Villa Arson is composed of :<\/p>\n\n<ul class=\"wp-block-list\">\n<li>a deliberative body: Board of Directors<\/li>\n\n\n\n<li>a pedagogical body: Commission for Research, Pedagogy and Student Life<\/li>\n\n\n\n<li>administrative bodies: Technical Committee and Health, Safety and Working Conditions Committee.<\/li>\n<\/ul>\n\n<h3 class=\"wp-block-heading\">Board of Directors<\/h3>\n\n<p>The Board of Directors deliberates in particular on the school&#8217;s program and activity report, matters relating to the life of the school and its organization, as well as its internal regulations, the allocation of funds between the various activities of the school, the budget, its modifications and the financial account.  <\/p>\n\n<h3 class=\"wp-block-heading\">A commission for research, teaching and student life<\/h3>\n\n<p>A Commission for Research, Teaching and Student Life, chaired by the Director, is consulted on issues affecting teaching. In particular, it examines the possibility of allocating vacant or newly-created teaching posts between the various disciplines taught at the school.   <\/p>\n\n<h3 class=\"wp-block-heading\">A technical committee  <\/h3>\n\n<p>The Technical Committee is a consultative body responsible for giving its opinion on issues and projects relating to the organization and operation of departments. In particular, it examines issues relating to staff numbers, jobs and skills, statutory rules, working methods, the main orientations of compensation policy, training, professional integration, professional equality and the fight against discrimination. It is made up of staff representatives (3 full members\/3 alternates) and management representatives. At each meeting, the Chairman may invite experts and administrative representatives concerned by the issues or draft texts submitted to the Committee for an opinion.     <\/p>\n\n<h3 class=\"wp-block-heading\">Health, safety and working conditions committee<\/h3>\n\n<p>The Comit\u00e9 d&#8217;Hygi\u00e8ne, de S\u00e9curit\u00e9 et des Conditions de Travail (CHSCT &#8211; health, safety and working conditions committee) contributes to protecting the health and improving the safety of employees. It is made up of staff representatives (3 full members\/3 alternates) and management representatives. It oversees the application of rules relating to the protection and safety of employees, and analyzes working conditions and related risks. The CHSCT issues opinions on proposals for improvement on its own initiative, or on the proposal of the administration or the TC. In the event of serious risk or changes in working conditions, the CHSCT may call in an accredited expert to provide a precise assessment of the situation. The CHSCT, like the CT, may also call on the services of qualified experts, at the request of staff representatives or management.     <\/p>\n<div class=\"align wp-block-contenu-associe\">\n            <div>\n            <div class=\"acf-innerblocks-container\">\n\n<h3 class=\"wp-block-heading\"><\/h3>\n\n<\/div>\n        <\/div>\n        <div class=\"c-a__container grid flex-row grid-cols-1 sm:grid-cols-2 lg:grid-cols-3 gap-4\">\n                            <div class=\"flex flex-col link-container\" data-href=\"https:\/\/new.villa-arson.fr\/en\/villa-arson\/institution\/\">\n                    <a href=\"https:\/\/new.villa-arson.fr\/en\/villa-arson\/institution\/\" class=\"contents\">\n                        <div class=\"ratio-16x9\">\n                            <figure><img decoding=\"async\" width=\"400\" height=\"259\" src=\"https:\/\/villa-arson-assets.ams3.digitaloceanspaces.com\/production\/app\/uploads\/2025\/02\/04121736\/Capture-decran-2025-02-04-a-12.17.17-400x259.jpg\" class=\"attachment-post-thumbnail size-post-thumbnail wp-post-image\" alt=\"\" srcset=\"https:\/\/villa-arson-assets.ams3.digitaloceanspaces.com\/production\/app\/uploads\/2025\/02\/04121736\/Capture-decran-2025-02-04-a-12.17.17-400x259.jpg 400w, https:\/\/villa-arson-assets.ams3.digitaloceanspaces.com\/production\/app\/uploads\/2025\/02\/04121736\/Capture-decran-2025-02-04-a-12.17.17-300x195.jpg 300w, https:\/\/villa-arson-assets.ams3.digitaloceanspaces.com\/production\/app\/uploads\/2025\/02\/04121736\/Capture-decran-2025-02-04-a-12.17.17-1024x664.jpg 1024w, https:\/\/villa-arson-assets.ams3.digitaloceanspaces.com\/production\/app\/uploads\/2025\/02\/04121736\/Capture-decran-2025-02-04-a-12.17.17-768x498.jpg 768w, https:\/\/villa-arson-assets.ams3.digitaloceanspaces.com\/production\/app\/uploads\/2025\/02\/04121736\/Capture-decran-2025-02-04-a-12.17.17-600x389.jpg 600w, https:\/\/villa-arson-assets.ams3.digitaloceanspaces.com\/production\/app\/uploads\/2025\/02\/04121736\/Capture-decran-2025-02-04-a-12.17.17.jpg 1224w\" sizes=\"(max-width: 400px) 100vw, 400px\" \/><\/figure>\n                            <div class=\"hover-overlay top-0 left-0 right-0 bottom-0 hidden w-full h-full absolute\"><\/div>\n                        <\/div>\n                        <div class=\"wp-block-button alignleft simple-link\">\n                            <span class=\"wp-block-button__link\">Institution<\/span>\n                        <\/div>\n                    <\/a>\n                <\/div>\n                            <div class=\"flex flex-col link-container\" data-href=\"https:\/\/new.villa-arson.fr\/en\/villa-arson\/institution\/partners\/\">\n                    <a href=\"https:\/\/new.villa-arson.fr\/en\/villa-arson\/institution\/partners\/\" class=\"contents\">\n                        <div class=\"ratio-16x9\">\n                            <figure><img decoding=\"async\" width=\"400\" height=\"231\" src=\"https:\/\/villa-arson-assets.ams3.digitaloceanspaces.com\/production\/app\/uploads\/2025\/02\/14164014\/Capture-decran-2025-02-14-a-16.39.11-400x231.jpg\" class=\"attachment-post-thumbnail size-post-thumbnail wp-post-image\" alt=\"\" srcset=\"https:\/\/villa-arson-assets.ams3.digitaloceanspaces.com\/production\/app\/uploads\/2025\/02\/14164014\/Capture-decran-2025-02-14-a-16.39.11-400x231.jpg 400w, https:\/\/villa-arson-assets.ams3.digitaloceanspaces.com\/production\/app\/uploads\/2025\/02\/14164014\/Capture-decran-2025-02-14-a-16.39.11-300x174.jpg 300w, https:\/\/villa-arson-assets.ams3.digitaloceanspaces.com\/production\/app\/uploads\/2025\/02\/14164014\/Capture-decran-2025-02-14-a-16.39.11-1024x593.jpg 1024w, https:\/\/villa-arson-assets.ams3.digitaloceanspaces.com\/production\/app\/uploads\/2025\/02\/14164014\/Capture-decran-2025-02-14-a-16.39.11-768x444.jpg 768w, https:\/\/villa-arson-assets.ams3.digitaloceanspaces.com\/production\/app\/uploads\/2025\/02\/14164014\/Capture-decran-2025-02-14-a-16.39.11-1536x889.jpg 1536w, https:\/\/villa-arson-assets.ams3.digitaloceanspaces.com\/production\/app\/uploads\/2025\/02\/14164014\/Capture-decran-2025-02-14-a-16.39.11-600x347.jpg 600w, https:\/\/villa-arson-assets.ams3.digitaloceanspaces.com\/production\/app\/uploads\/2025\/02\/14164014\/Capture-decran-2025-02-14-a-16.39.11.jpg 1920w\" sizes=\"(max-width: 400px) 100vw, 400px\" \/><\/figure>\n                            <div class=\"hover-overlay top-0 left-0 right-0 bottom-0 hidden w-full h-full absolute\"><\/div>\n                        <\/div>\n                        <div class=\"wp-block-button alignleft simple-link\">\n                            <span class=\"wp-block-button__link\">Partners<\/span>\n                        <\/div>\n                    <\/a>\n                <\/div>\n                            <div class=\"flex flex-col link-container\" data-href=\"https:\/\/new.villa-arson.fr\/villa-arson\/etablissement\/equipe\/\">\n                    <a href=\"https:\/\/new.villa-arson.fr\/villa-arson\/etablissement\/equipe\/\" class=\"contents\">\n                        <div class=\"ratio-16x9\">\n                            <figure><img decoding=\"async\" width=\"363\" height=\"290\" src=\"https:\/\/villa-arson-assets.ams3.digitaloceanspaces.com\/production\/app\/uploads\/2025\/03\/21093514\/margarida-afonso-F01g8NPdOdo-unsplash-363x290.jpg\" class=\"attachment-post-thumbnail size-post-thumbnail wp-post-image\" alt=\"\" srcset=\"https:\/\/villa-arson-assets.ams3.digitaloceanspaces.com\/production\/app\/uploads\/2025\/03\/21093514\/margarida-afonso-F01g8NPdOdo-unsplash-363x290.jpg 363w, https:\/\/villa-arson-assets.ams3.digitaloceanspaces.com\/production\/app\/uploads\/2025\/03\/21093514\/margarida-afonso-F01g8NPdOdo-unsplash-300x240.jpg 300w, https:\/\/villa-arson-assets.ams3.digitaloceanspaces.com\/production\/app\/uploads\/2025\/03\/21093514\/margarida-afonso-F01g8NPdOdo-unsplash-1024x819.jpg 1024w, https:\/\/villa-arson-assets.ams3.digitaloceanspaces.com\/production\/app\/uploads\/2025\/03\/21093514\/margarida-afonso-F01g8NPdOdo-unsplash-768x614.jpg 768w, https:\/\/villa-arson-assets.ams3.digitaloceanspaces.com\/production\/app\/uploads\/2025\/03\/21093514\/margarida-afonso-F01g8NPdOdo-unsplash-1536x1229.jpg 1536w, https:\/\/villa-arson-assets.ams3.digitaloceanspaces.com\/production\/app\/uploads\/2025\/03\/21093514\/margarida-afonso-F01g8NPdOdo-unsplash-600x480.jpg 600w, https:\/\/villa-arson-assets.ams3.digitaloceanspaces.com\/production\/app\/uploads\/2025\/03\/21093514\/margarida-afonso-F01g8NPdOdo-unsplash.jpg 1920w\" sizes=\"(max-width: 363px) 100vw, 363px\" \/><\/figure>\n                            <div class=\"hover-overlay top-0 left-0 right-0 bottom-0 hidden w-full h-full absolute\"><\/div>\n                        <\/div>\n                        <div class=\"wp-block-button alignleft simple-link\">\n                            <span class=\"wp-block-button__link\">\u00c9quipe<\/span>\n                        <\/div>\n                    <\/a>\n                <\/div>\n                    <\/div>\n    <\/div>\n","protected":false},"excerpt":{"rendered":"<p>governance The Villa Arson is a public administrative institution under the supervision of the French Ministry of Culture, part of the Universit\u00e9 C\u00f4te d&#8217;Azur. Headed by a director, it is organized into departments and divisions in accordance with the organizational chart. The governance of the Villa Arson is composed of : Board of Directors The &hellip; <a href=\"https:\/\/new.villa-arson.fr\/en\/villa-arson\/institution\/governance\/\">Continued<\/a><\/p>\n","protected":false},"author":977,"featured_media":61006,"parent":63434,"menu_order":0,"comment_status":"closed","ping_status":"closed","template":"","meta":{"_acf_changed":false,"_relevanssi_hide_post":"","_relevanssi_hide_content":"","_relevanssi_pin_for_all":"","_relevanssi_pin_keywords":"","_relevanssi_unpin_keywords":"","_relevanssi_related_keywords":"","_relevanssi_related_include_ids":"","_relevanssi_related_exclude_ids":"","_relevanssi_related_no_append":"","_relevanssi_related_not_related":"","_relevanssi_related_posts":"","_relevanssi_noindex_reason":"","footnotes":""},"class_list":["post-63870","page","type-page","status-publish","has-post-thumbnail","hentry"],"acf":[],"_links":{"self":[{"href":"https:\/\/new.villa-arson.fr\/en\/wp-json\/wp\/v2\/pages\/63870","targetHints":{"allow":["GET"]}}],"collection":[{"href":"https:\/\/new.villa-arson.fr\/en\/wp-json\/wp\/v2\/pages"}],"about":[{"href":"https:\/\/new.villa-arson.fr\/en\/wp-json\/wp\/v2\/types\/page"}],"author":[{"embeddable":true,"href":"https:\/\/new.villa-arson.fr\/en\/wp-json\/wp\/v2\/users\/977"}],"replies":[{"embeddable":true,"href":"https:\/\/new.villa-arson.fr\/en\/wp-json\/wp\/v2\/comments?post=63870"}],"version-history":[{"count":2,"href":"https:\/\/new.villa-arson.fr\/en\/wp-json\/wp\/v2\/pages\/63870\/revisions"}],"predecessor-version":[{"id":63875,"href":"https:\/\/new.villa-arson.fr\/en\/wp-json\/wp\/v2\/pages\/63870\/revisions\/63875"}],"up":[{"embeddable":true,"href":"https:\/\/new.villa-arson.fr\/en\/wp-json\/wp\/v2\/pages\/63434"}],"wp:featuredmedia":[{"embeddable":true,"href":"https:\/\/new.villa-arson.fr\/en\/wp-json\/wp\/v2\/media\/61006"}],"wp:attachment":[{"href":"https:\/\/new.villa-arson.fr\/en\/wp-json\/wp\/v2\/media?parent=63870"}],"curies":[{"name":"wp","href":"https:\/\/api.w.org\/{rel}","templated":true}]}}

<h1 class="wp-block-heading">governance</h1>

<p><br />The Villa Arson is a public administrative institution under the supervision of the French Ministry of Culture, part of the Université Côte d&#8217;Azur. Headed by a director, it is organized into departments and divisions in accordance with the organizational chart. </p>
<div class="wp-block-telechargements">
            <div>
            <div class="acf-innerblocks-container"></div>
        </div>
        <div class="grid flex-row grid-cols-2 md:grid-cols-3 gap-4">
                            <a href="https://villa-arson-assets.ams3.digitaloceanspaces.com/production/app/uploads/2025/02/14171645/organigramme.pdf" target="_blank"><div class="flex flex-col link-container">
  <div class="ratio-16x9 border-black border">
        <figure class="h-full w-full">
      <img decoding="async" width="768" height="1033" src="https://villa-arson-assets.ams3.digitaloceanspaces.com/production/app/uploads/2025/02/14171711/Capture-decran-2025-02-14-a-17.16.15-768x1033.jpg" class="lazy-load" alt="" loading="lazy" srcset="https://villa-arson-assets.ams3.digitaloceanspaces.com/production/app/uploads/2025/02/14171711/Capture-decran-2025-02-14-a-17.16.15-768x1033.jpg 768w, https://villa-arson-assets.ams3.digitaloceanspaces.com/production/app/uploads/2025/02/14171711/Capture-decran-2025-02-14-a-17.16.15-223x300.jpg 223w, https://villa-arson-assets.ams3.digitaloceanspaces.com/production/app/uploads/2025/02/14171711/Capture-decran-2025-02-14-a-17.16.15-761x1024.jpg 761w, https://villa-arson-assets.ams3.digitaloceanspaces.com/production/app/uploads/2025/02/14171711/Capture-decran-2025-02-14-a-17.16.15-216x290.jpg 216w, https://villa-arson-assets.ams3.digitaloceanspaces.com/production/app/uploads/2025/02/14171711/Capture-decran-2025-02-14-a-17.16.15-600x807.jpg 600w, https://villa-arson-assets.ams3.digitaloceanspaces.com/production/app/uploads/2025/02/14171711/Capture-decran-2025-02-14-a-17.16.15.jpg 990w" sizes="auto, (max-width: 768px) 100vw, 768px" />
    </figure>
        <div class="hover-overlay hover:bg-primary-light top-0 left-0 right-0 bottom-0 w-full h-full absolute flex items-center justify-center">
      <div class="h-24 w-24">
        <svg viewBox="0 0 126 126">
          <use xlink:href="#download-icon"></use>
        </svg>  
      </div>
    </div>
    <div class="absolute -inset-x-px -inset-y-px h-12 w-12">
      <svg viewBox="0 0 51 51">
        <use xlink:href="#download-corner"></use>
      </svg>  
    </div>
  </div>

  <div class="wp-block-button alignleft simple-link">
    <p class="wp-block-button__link"></p>
  </div>
</div>
</a>                    </div>
    </div>

<p>The governance of the Villa Arson is composed of :</p>

<ul class="wp-block-list">
<li>a deliberative body: Board of Directors</li>



<li>a pedagogical body: Commission for Research, Pedagogy and Student Life</li>



<li>administrative bodies: Technical Committee and Health, Safety and Working Conditions Committee.</li>
</ul>

<h3 class="wp-block-heading">Board of Directors</h3>

<p>The Board of Directors deliberates in particular on the school&#8217;s program and activity report, matters relating to the life of the school and its organization, as well as its internal regulations, the allocation of funds between the various activities of the school, the budget, its modifications and the financial account.  </p>

<h3 class="wp-block-heading">A commission for research, teaching and student life</h3>

<p>A Commission for Research, Teaching and Student Life, chaired by the Director, is consulted on issues affecting teaching. In particular, it examines the possibility of allocating vacant or newly-created teaching posts between the various disciplines taught at the school.   </p>

<h3 class="wp-block-heading">A technical committee  </h3>

<p>The Technical Committee is a consultative body responsible for giving its opinion on issues and projects relating to the organization and operation of departments. In particular, it examines issues relating to staff numbers, jobs and skills, statutory rules, working methods, the main orientations of compensation policy, training, professional integration, professional equality and the fight against discrimination. It is made up of staff representatives (3 full members/3 alternates) and management representatives. At each meeting, the Chairman may invite experts and administrative representatives concerned by the issues or draft texts submitted to the Committee for an opinion.     </p>

<h3 class="wp-block-heading">Health, safety and working conditions committee</h3>

<p>The Comité d&#8217;Hygiène, de Sécurité et des Conditions de Travail (CHSCT &#8211; health, safety and working conditions committee) contributes to protecting the health and improving the safety of employees. It is made up of staff representatives (3 full members/3 alternates) and management representatives. It oversees the application of rules relating to the protection and safety of employees, and analyzes working conditions and related risks. The CHSCT issues opinions on proposals for improvement on its own initiative, or on the proposal of the administration or the TC. In the event of serious risk or changes in working conditions, the CHSCT may call in an accredited expert to provide a precise assessment of the situation. The CHSCT, like the CT, may also call on the services of qualified experts, at the request of staff representatives or management.     </p>
<div class="align wp-block-contenu-associe">
            <div>
            <div class="acf-innerblocks-container">

<h3 class="wp-block-heading"></h3>

</div>
        </div>
        <div class="c-a__container grid flex-row grid-cols-1 sm:grid-cols-2 lg:grid-cols-3 gap-4">
                            <div class="flex flex-col link-container" data-href="https://new.villa-arson.fr/en/villa-arson/institution/">
                    <a href="https://new.villa-arson.fr/en/villa-arson/institution/" class="contents">
                        <div class="ratio-16x9">
                            <figure><img decoding="async" width="400" height="259" src="https://villa-arson-assets.ams3.digitaloceanspaces.com/production/app/uploads/2025/02/04121736/Capture-decran-2025-02-04-a-12.17.17-400x259.jpg" class="attachment-post-thumbnail size-post-thumbnail wp-post-image" alt="" srcset="https://villa-arson-assets.ams3.digitaloceanspaces.com/production/app/uploads/2025/02/04121736/Capture-decran-2025-02-04-a-12.17.17-400x259.jpg 400w, https://villa-arson-assets.ams3.digitaloceanspaces.com/production/app/uploads/2025/02/04121736/Capture-decran-2025-02-04-a-12.17.17-300x195.jpg 300w, https://villa-arson-assets.ams3.digitaloceanspaces.com/production/app/uploads/2025/02/04121736/Capture-decran-2025-02-04-a-12.17.17-1024x664.jpg 1024w, https://villa-arson-assets.ams3.digitaloceanspaces.com/production/app/uploads/2025/02/04121736/Capture-decran-2025-02-04-a-12.17.17-768x498.jpg 768w, https://villa-arson-assets.ams3.digitaloceanspaces.com/production/app/uploads/2025/02/04121736/Capture-decran-2025-02-04-a-12.17.17-600x389.jpg 600w, https://villa-arson-assets.ams3.digitaloceanspaces.com/production/app/uploads/2025/02/04121736/Capture-decran-2025-02-04-a-12.17.17.jpg 1224w" sizes="(max-width: 400px) 100vw, 400px" /></figure>
                            <div class="hover-overlay top-0 left-0 right-0 bottom-0 hidden w-full h-full absolute"></div>
                        </div>
                        <div class="wp-block-button alignleft simple-link">
                            <span class="wp-block-button__link">Institution</span>
                        </div>
                    </a>
                </div>
                            <div class="flex flex-col link-container" data-href="https://new.villa-arson.fr/en/villa-arson/institution/partners/">
                    <a href="https://new.villa-arson.fr/en/villa-arson/institution/partners/" class="contents">
                        <div class="ratio-16x9">
                            <figure><img decoding="async" width="400" height="231" src="https://villa-arson-assets.ams3.digitaloceanspaces.com/production/app/uploads/2025/02/14164014/Capture-decran-2025-02-14-a-16.39.11-400x231.jpg" class="attachment-post-thumbnail size-post-thumbnail wp-post-image" alt="" srcset="https://villa-arson-assets.ams3.digitaloceanspaces.com/production/app/uploads/2025/02/14164014/Capture-decran-2025-02-14-a-16.39.11-400x231.jpg 400w, https://villa-arson-assets.ams3.digitaloceanspaces.com/production/app/uploads/2025/02/14164014/Capture-decran-2025-02-14-a-16.39.11-300x174.jpg 300w, https://villa-arson-assets.ams3.digitaloceanspaces.com/production/app/uploads/2025/02/14164014/Capture-decran-2025-02-14-a-16.39.11-1024x593.jpg 1024w, https://villa-arson-assets.ams3.digitaloceanspaces.com/production/app/uploads/2025/02/14164014/Capture-decran-2025-02-14-a-16.39.11-768x444.jpg 768w, https://villa-arson-assets.ams3.digitaloceanspaces.com/production/app/uploads/2025/02/14164014/Capture-decran-2025-02-14-a-16.39.11-1536x889.jpg 1536w, https://villa-arson-assets.ams3.digitaloceanspaces.com/production/app/uploads/2025/02/14164014/Capture-decran-2025-02-14-a-16.39.11-600x347.jpg 600w, https://villa-arson-assets.ams3.digitaloceanspaces.com/production/app/uploads/2025/02/14164014/Capture-decran-2025-02-14-a-16.39.11.jpg 1920w" sizes="(max-width: 400px) 100vw, 400px" /></figure>
                            <div class="hover-overlay top-0 left-0 right-0 bottom-0 hidden w-full h-full absolute"></div>
                        </div>
                        <div class="wp-block-button alignleft simple-link">
                            <span class="wp-block-button__link">Partners</span>
                        </div>
                    </a>
                </div>
                            <div class="flex flex-col link-container" data-href="https://new.villa-arson.fr/villa-arson/etablissement/equipe/">
                    <a href="https://new.villa-arson.fr/villa-arson/etablissement/equipe/" class="contents">
                        <div class="ratio-16x9">
                            <figure><img decoding="async" width="363" height="290" src="https://villa-arson-assets.ams3.digitaloceanspaces.com/production/app/uploads/2025/03/21093514/margarida-afonso-F01g8NPdOdo-unsplash-363x290.jpg" class="attachment-post-thumbnail size-post-thumbnail wp-post-image" alt="" srcset="https://villa-arson-assets.ams3.digitaloceanspaces.com/production/app/uploads/2025/03/21093514/margarida-afonso-F01g8NPdOdo-unsplash-363x290.jpg 363w, https://villa-arson-assets.ams3.digitaloceanspaces.com/production/app/uploads/2025/03/21093514/margarida-afonso-F01g8NPdOdo-unsplash-300x240.jpg 300w, https://villa-arson-assets.ams3.digitaloceanspaces.com/production/app/uploads/2025/03/21093514/margarida-afonso-F01g8NPdOdo-unsplash-1024x819.jpg 1024w, https://villa-arson-assets.ams3.digitaloceanspaces.com/production/app/uploads/2025/03/21093514/margarida-afonso-F01g8NPdOdo-unsplash-768x614.jpg 768w, https://villa-arson-assets.ams3.digitaloceanspaces.com/production/app/uploads/2025/03/21093514/margarida-afonso-F01g8NPdOdo-unsplash-1536x1229.jpg 1536w, https://villa-arson-assets.ams3.digitaloceanspaces.com/production/app/uploads/2025/03/21093514/margarida-afonso-F01g8NPdOdo-unsplash-600x480.jpg 600w, https://villa-arson-assets.ams3.digitaloceanspaces.com/production/app/uploads/2025/03/21093514/margarida-afonso-F01g8NPdOdo-unsplash.jpg 1920w" sizes="(max-width: 363px) 100vw, 363px" /></figure>
                            <div class="hover-overlay top-0 left-0 right-0 bottom-0 hidden w-full h-full absolute"></div>
                        </div>
                        <div class="wp-block-button alignleft simple-link">
                            <span class="wp-block-button__link">Équipe</span>
                        </div>
                    </a>
                </div>
                    </div>
    </div>

<p>governance The Villa Arson is a public administrative institution under the supervision of the French Ministry of Culture, part of the Université Côte d&#8217;Azur. Headed by a director, it is organized into departments and divisions in accordance with the organizational chart. The governance of the Villa Arson is composed of : Board of Directors The &hellip; <a href="https://new.villa-arson.fr/en/villa-arson/institution/governance/">Continued</a></p>
