{"id":63871,"date":"2025-05-02T20:38:13","date_gmt":"2025-05-02T18:38:13","guid":{"rendered":"https:\/\/new.villa-arson.fr\/villa-arson\/institution\/preventing-discrimination-and-gender-based-and-sexual-violence\/"},"modified":"2025-05-02T20:38:22","modified_gmt":"2025-05-02T18:38:22","slug":"preventing-discrimination-and-gender-based-and-sexual-violence","status":"publish","type":"page","link":"https:\/\/new.villa-arson.fr\/en\/villa-arson\/institution\/preventing-discrimination-and-gender-based-and-sexual-violence\/","title":{"rendered":"Preventing discrimination and gender-based and sexual violence"},"content":{"rendered":"\n<h1 class=\"wp-block-heading\"><strong>Preventing discrimination<\/strong> and gender-based and sexual violence<\/h1>\n\n<p><\/p>\n\n<p>Questioning and combating the various forms of discrimination and harassment, transmitting a culture of equality to change representations and behavior &#8211; these are the major challenges of this mission.  <\/p>\n\n<p>The prevention of all forms of sexist and sexual violence, discrimination and discriminatory harassment must be developed through dialogue between those who study and work at the school.  <\/p>\n\n<p>We need to set up training modules on equality, and discussion forums on stereotypes and discrimination mechanisms. Learning together, students and staff alike, to analyze and decipher behavior is fundamental to transmitting a culture of equality and combating sexism, racism and paternalism. The whole community needs to know how to spot discrimination and power asymmetries, and how to react when confronted with them.<\/p>\n\n<p>Villa Arson&#8217;s ethical charter for the prevention of all forms of discrimination and asymmetry of power was drawn up by a working group open to all students and members of the teaching, administrative and technical teams.<\/p>\n<div class=\"wp-block-telechargements\">\n            <div>\n            <div class=\"acf-innerblocks-container\"><\/div>\n        <\/div>\n        <div class=\"grid flex-row grid-cols-2 md:grid-cols-3 gap-4\">\n                            <a href=\"https:\/\/villa-arson-assets.ams3.digitaloceanspaces.com\/production\/app\/uploads\/2021\/10\/20224613\/Charte-ethique-Villa-Arson-2019.pdf\" target=\"_blank\"><div class=\"flex flex-col link-container\">\n  <div class=\"ratio-16x9 border-black border\">\n        <div class=\"hover-overlay hover:bg-primary-light top-0 left-0 right-0 bottom-0 w-full h-full absolute flex items-center justify-center\">\n      <div class=\"h-24 w-24\">\n        <svg viewBox=\"0 0 126 126\">\n          <use xlink:href=\"#download-icon\"><\/use>\n        <\/svg>  \n      <\/div>\n    <\/div>\n    <div class=\"absolute -inset-x-px -inset-y-px h-12 w-12\">\n      <svg viewBox=\"0 0 51 51\">\n        <use xlink:href=\"#download-corner\"><\/use>\n      <\/svg>  \n    <\/div>\n  <\/div>\n\n  <div class=\"wp-block-button alignleft simple-link\">\n    <p class=\"wp-block-button__link\">Villa Arson ethical charter<\/p>\n  <\/div>\n<\/div>\n<\/a>                    <\/div>\n    <\/div>\n\n<p><\/p>\n\n<h3 class=\"wp-block-heading\">Reporting system  <\/h3>\n\n<p>Since the start of the 2023\/24 school year, a reporting system has been set up with the Ega\u00e9 group. Groupe Ega\u00e9 is a consulting, training and communications agency specializing in gender equality, anti-discrimination, diversity and the prevention of sexist and sexual violence. Each year, a training session including a presentation of the reporting system is scheduled as part of the back-to-school program.  <\/p>\n\n<p>Contact: <strong><a href=\"mailto:signalement-villaarson@groupe-egae.fr\" target=\"_blank\" rel=\"noreferrer noopener\">signalement-villaarson@groupe-egae.fr<\/a>. <\/strong> <br \/><\/p>\n\n<h3 class=\"wp-block-heading\">External legal and psychological support unit  <\/h3>\n\n<p>Students in higher cultural education benefit from <a href=\"http:\/\/https%E2%80%89:\/\/conceptrse.fr\/signalement-culture\/\">legal and psychological support<\/a> in the event of acts of violence, discrimination, sexual harassment and gender-based violence. Since the start of the 2022\/33 school year, situations involving moral harassment, threats or any other act of intimidation have also been taken into account.<br \/><br \/>Contact: toll-free number 08 01 90 59 10 Monday to Friday, 9am to 1pm<br \/>\u2192 signalement-culture@conceptrse.fr<\/p>\n\n<h3 class=\"wp-block-heading\">More information  <\/h3>\n\n<p>Elodie Mariani (r\u00e9f\u00e9rente pour la pr\u00e9vention des discriminations et\u00a0des\u00a0violences\u00a0sexistes et sexuelles) <br \/>Contact : <a href=\"mailto:equite@new.villa-arson.fr\">equite@new.villa-arson.fr<\/a><\/p>\n<div class=\"align wp-block-contenu-associe\">\n            <div>\n            <div class=\"acf-innerblocks-container\">\n\n<h3 class=\"wp-block-heading\"><\/h3>\n\n<\/div>\n        <\/div>\n        <div class=\"c-a__container grid flex-row grid-cols-1 sm:grid-cols-2 lg:grid-cols-3 gap-4\">\n                            <div class=\"flex flex-col link-container\" data-href=\"https:\/\/new.villa-arson.fr\/en\/villa-arson\/\">\n                    <a href=\"https:\/\/new.villa-arson.fr\/en\/villa-arson\/\" class=\"contents\">\n                        <div class=\"ratio-16x9\">\n                            <figure><img decoding=\"async\" width=\"382\" height=\"290\" src=\"https:\/\/villa-arson-assets.ams3.digitaloceanspaces.com\/production\/app\/uploads\/2024\/10\/31110519\/Capture-decran-2024-10-31-a-10.15.20-382x290.jpg\" class=\"attachment-post-thumbnail size-post-thumbnail wp-post-image\" alt=\"\" srcset=\"https:\/\/villa-arson-assets.ams3.digitaloceanspaces.com\/production\/app\/uploads\/2024\/10\/31110519\/Capture-decran-2024-10-31-a-10.15.20-382x290.jpg 382w, https:\/\/villa-arson-assets.ams3.digitaloceanspaces.com\/production\/app\/uploads\/2024\/10\/31110519\/Capture-decran-2024-10-31-a-10.15.20-300x228.jpg 300w, https:\/\/villa-arson-assets.ams3.digitaloceanspaces.com\/production\/app\/uploads\/2024\/10\/31110519\/Capture-decran-2024-10-31-a-10.15.20-1024x778.jpg 1024w, https:\/\/villa-arson-assets.ams3.digitaloceanspaces.com\/production\/app\/uploads\/2024\/10\/31110519\/Capture-decran-2024-10-31-a-10.15.20-768x583.jpg 768w, https:\/\/villa-arson-assets.ams3.digitaloceanspaces.com\/production\/app\/uploads\/2024\/10\/31110519\/Capture-decran-2024-10-31-a-10.15.20-600x456.jpg 600w, https:\/\/villa-arson-assets.ams3.digitaloceanspaces.com\/production\/app\/uploads\/2024\/10\/31110519\/Capture-decran-2024-10-31-a-10.15.20.jpg 1169w\" sizes=\"(max-width: 382px) 100vw, 382px\" \/><\/figure>\n                            <div class=\"hover-overlay top-0 left-0 right-0 bottom-0 hidden w-full h-full absolute\"><\/div>\n                        <\/div>\n                        <div class=\"wp-block-button alignleft simple-link\">\n                            <span class=\"wp-block-button__link\">Villa Arson<\/span>\n                        <\/div>\n                    <\/a>\n                <\/div>\n                            <div class=\"flex flex-col link-container\" data-href=\"https:\/\/new.villa-arson.fr\/en\/villa-arson\/institution\/\">\n                    <a href=\"https:\/\/new.villa-arson.fr\/en\/villa-arson\/institution\/\" class=\"contents\">\n                        <div class=\"ratio-16x9\">\n                            <figure><img decoding=\"async\" width=\"400\" height=\"259\" src=\"https:\/\/villa-arson-assets.ams3.digitaloceanspaces.com\/production\/app\/uploads\/2025\/02\/04121736\/Capture-decran-2025-02-04-a-12.17.17-400x259.jpg\" class=\"attachment-post-thumbnail size-post-thumbnail wp-post-image\" alt=\"\" srcset=\"https:\/\/villa-arson-assets.ams3.digitaloceanspaces.com\/production\/app\/uploads\/2025\/02\/04121736\/Capture-decran-2025-02-04-a-12.17.17-400x259.jpg 400w, https:\/\/villa-arson-assets.ams3.digitaloceanspaces.com\/production\/app\/uploads\/2025\/02\/04121736\/Capture-decran-2025-02-04-a-12.17.17-300x195.jpg 300w, https:\/\/villa-arson-assets.ams3.digitaloceanspaces.com\/production\/app\/uploads\/2025\/02\/04121736\/Capture-decran-2025-02-04-a-12.17.17-1024x664.jpg 1024w, https:\/\/villa-arson-assets.ams3.digitaloceanspaces.com\/production\/app\/uploads\/2025\/02\/04121736\/Capture-decran-2025-02-04-a-12.17.17-768x498.jpg 768w, https:\/\/villa-arson-assets.ams3.digitaloceanspaces.com\/production\/app\/uploads\/2025\/02\/04121736\/Capture-decran-2025-02-04-a-12.17.17-600x389.jpg 600w, https:\/\/villa-arson-assets.ams3.digitaloceanspaces.com\/production\/app\/uploads\/2025\/02\/04121736\/Capture-decran-2025-02-04-a-12.17.17.jpg 1224w\" sizes=\"(max-width: 400px) 100vw, 400px\" \/><\/figure>\n                            <div class=\"hover-overlay top-0 left-0 right-0 bottom-0 hidden w-full h-full absolute\"><\/div>\n                        <\/div>\n                        <div class=\"wp-block-button alignleft simple-link\">\n                            <span class=\"wp-block-button__link\">Institution<\/span>\n                        <\/div>\n                    <\/a>\n                <\/div>\n                            <div class=\"flex flex-col link-container\" data-href=\"https:\/\/new.villa-arson.fr\/villa-arson\/etablissement\/equipe\/\">\n                    <a href=\"https:\/\/new.villa-arson.fr\/villa-arson\/etablissement\/equipe\/\" class=\"contents\">\n                        <div class=\"ratio-16x9\">\n                            <figure><img decoding=\"async\" width=\"363\" height=\"290\" src=\"https:\/\/villa-arson-assets.ams3.digitaloceanspaces.com\/production\/app\/uploads\/2025\/03\/21093514\/margarida-afonso-F01g8NPdOdo-unsplash-363x290.jpg\" class=\"attachment-post-thumbnail size-post-thumbnail wp-post-image\" alt=\"\" srcset=\"https:\/\/villa-arson-assets.ams3.digitaloceanspaces.com\/production\/app\/uploads\/2025\/03\/21093514\/margarida-afonso-F01g8NPdOdo-unsplash-363x290.jpg 363w, https:\/\/villa-arson-assets.ams3.digitaloceanspaces.com\/production\/app\/uploads\/2025\/03\/21093514\/margarida-afonso-F01g8NPdOdo-unsplash-300x240.jpg 300w, https:\/\/villa-arson-assets.ams3.digitaloceanspaces.com\/production\/app\/uploads\/2025\/03\/21093514\/margarida-afonso-F01g8NPdOdo-unsplash-1024x819.jpg 1024w, https:\/\/villa-arson-assets.ams3.digitaloceanspaces.com\/production\/app\/uploads\/2025\/03\/21093514\/margarida-afonso-F01g8NPdOdo-unsplash-768x614.jpg 768w, https:\/\/villa-arson-assets.ams3.digitaloceanspaces.com\/production\/app\/uploads\/2025\/03\/21093514\/margarida-afonso-F01g8NPdOdo-unsplash-1536x1229.jpg 1536w, https:\/\/villa-arson-assets.ams3.digitaloceanspaces.com\/production\/app\/uploads\/2025\/03\/21093514\/margarida-afonso-F01g8NPdOdo-unsplash-600x480.jpg 600w, https:\/\/villa-arson-assets.ams3.digitaloceanspaces.com\/production\/app\/uploads\/2025\/03\/21093514\/margarida-afonso-F01g8NPdOdo-unsplash.jpg 1920w\" sizes=\"(max-width: 363px) 100vw, 363px\" \/><\/figure>\n                            <div class=\"hover-overlay top-0 left-0 right-0 bottom-0 hidden w-full h-full absolute\"><\/div>\n                        <\/div>\n                        <div class=\"wp-block-button alignleft simple-link\">\n                            <span class=\"wp-block-button__link\">\u00c9quipe<\/span>\n                        <\/div>\n                    <\/a>\n                <\/div>\n                    <\/div>\n    <\/div>\n","protected":false},"excerpt":{"rendered":"<p>Preventing discrimination and gender-based and sexual violence Questioning and combating the various forms of discrimination and harassment, transmitting a culture of equality to change representations and behavior &#8211; these are the major challenges of this mission. The prevention of all forms of sexist and sexual violence, discrimination and discriminatory harassment must be developed through dialogue &hellip; <a href=\"https:\/\/new.villa-arson.fr\/en\/villa-arson\/institution\/preventing-discrimination-and-gender-based-and-sexual-violence\/\">Continued<\/a><\/p>\n","protected":false},"author":977,"featured_media":61022,"parent":63434,"menu_order":0,"comment_status":"closed","ping_status":"closed","template":"","meta":{"_acf_changed":false,"_relevanssi_hide_post":"","_relevanssi_hide_content":"","_relevanssi_pin_for_all":"","_relevanssi_pin_keywords":"","_relevanssi_unpin_keywords":"","_relevanssi_related_keywords":"","_relevanssi_related_include_ids":"","_relevanssi_related_exclude_ids":"","_relevanssi_related_no_append":"","_relevanssi_related_not_related":"","_relevanssi_related_posts":"","_relevanssi_noindex_reason":"","footnotes":""},"class_list":["post-63871","page","type-page","status-publish","has-post-thumbnail","hentry"],"acf":[],"_links":{"self":[{"href":"https:\/\/new.villa-arson.fr\/en\/wp-json\/wp\/v2\/pages\/63871","targetHints":{"allow":["GET"]}}],"collection":[{"href":"https:\/\/new.villa-arson.fr\/en\/wp-json\/wp\/v2\/pages"}],"about":[{"href":"https:\/\/new.villa-arson.fr\/en\/wp-json\/wp\/v2\/types\/page"}],"author":[{"embeddable":true,"href":"https:\/\/new.villa-arson.fr\/en\/wp-json\/wp\/v2\/users\/977"}],"replies":[{"embeddable":true,"href":"https:\/\/new.villa-arson.fr\/en\/wp-json\/wp\/v2\/comments?post=63871"}],"version-history":[{"count":2,"href":"https:\/\/new.villa-arson.fr\/en\/wp-json\/wp\/v2\/pages\/63871\/revisions"}],"predecessor-version":[{"id":63877,"href":"https:\/\/new.villa-arson.fr\/en\/wp-json\/wp\/v2\/pages\/63871\/revisions\/63877"}],"up":[{"embeddable":true,"href":"https:\/\/new.villa-arson.fr\/en\/wp-json\/wp\/v2\/pages\/63434"}],"wp:featuredmedia":[{"embeddable":true,"href":"https:\/\/new.villa-arson.fr\/en\/wp-json\/wp\/v2\/media\/61022"}],"wp:attachment":[{"href":"https:\/\/new.villa-arson.fr\/en\/wp-json\/wp\/v2\/media?parent=63871"}],"curies":[{"name":"wp","href":"https:\/\/api.w.org\/{rel}","templated":true}]}}

<h1 class="wp-block-heading"><strong>Preventing discrimination</strong> and gender-based and sexual violence</h1>

<p></p>

<p>Questioning and combating the various forms of discrimination and harassment, transmitting a culture of equality to change representations and behavior &#8211; these are the major challenges of this mission.  </p>

<p>The prevention of all forms of sexist and sexual violence, discrimination and discriminatory harassment must be developed through dialogue between those who study and work at the school.  </p>

<p>We need to set up training modules on equality, and discussion forums on stereotypes and discrimination mechanisms. Learning together, students and staff alike, to analyze and decipher behavior is fundamental to transmitting a culture of equality and combating sexism, racism and paternalism. The whole community needs to know how to spot discrimination and power asymmetries, and how to react when confronted with them.</p>

<p>Villa Arson&#8217;s ethical charter for the prevention of all forms of discrimination and asymmetry of power was drawn up by a working group open to all students and members of the teaching, administrative and technical teams.</p>
<div class="wp-block-telechargements">
            <div>
            <div class="acf-innerblocks-container"></div>
        </div>
        <div class="grid flex-row grid-cols-2 md:grid-cols-3 gap-4">
                            <a href="https://villa-arson-assets.ams3.digitaloceanspaces.com/production/app/uploads/2021/10/20224613/Charte-ethique-Villa-Arson-2019.pdf" target="_blank"><div class="flex flex-col link-container">
  <div class="ratio-16x9 border-black border">
        <div class="hover-overlay hover:bg-primary-light top-0 left-0 right-0 bottom-0 w-full h-full absolute flex items-center justify-center">
      <div class="h-24 w-24">
        <svg viewBox="0 0 126 126">
          <use xlink:href="#download-icon"></use>
        </svg>  
      </div>
    </div>
    <div class="absolute -inset-x-px -inset-y-px h-12 w-12">
      <svg viewBox="0 0 51 51">
        <use xlink:href="#download-corner"></use>
      </svg>  
    </div>
  </div>

  <div class="wp-block-button alignleft simple-link">
    <p class="wp-block-button__link">Villa Arson ethical charter</p>
  </div>
</div>
</a>                    </div>
    </div>

<p></p>

<h3 class="wp-block-heading">Reporting system  </h3>

<p>Since the start of the 2023/24 school year, a reporting system has been set up with the Egaé group. Groupe Egaé is a consulting, training and communications agency specializing in gender equality, anti-discrimination, diversity and the prevention of sexist and sexual violence. Each year, a training session including a presentation of the reporting system is scheduled as part of the back-to-school program.  </p>

<p>Contact: <strong><a href="mailto:signalement-villaarson@groupe-egae.fr" target="_blank" rel="noreferrer noopener">signalement-villaarson@groupe-egae.fr</a>. </strong> <br /></p>

<h3 class="wp-block-heading">External legal and psychological support unit  </h3>

<p>Students in higher cultural education benefit from <a href="http://https%E2%80%89://conceptrse.fr/signalement-culture/">legal and psychological support</a> in the event of acts of violence, discrimination, sexual harassment and gender-based violence. Since the start of the 2022/33 school year, situations involving moral harassment, threats or any other act of intimidation have also been taken into account.<br /><br />Contact: toll-free number 08 01 90 59 10 Monday to Friday, 9am to 1pm<br />→ signalement-culture@conceptrse.fr</p>

<h3 class="wp-block-heading">More information  </h3>

<p>Elodie Mariani (référente pour la prévention des discriminations et des violences sexistes et sexuelles) <br />Contact : <a href="mailto:equite@new.villa-arson.fr">equite@new.villa-arson.fr</a></p>
<div class="align wp-block-contenu-associe">
            <div>
            <div class="acf-innerblocks-container">

<h3 class="wp-block-heading"></h3>

</div>
        </div>
        <div class="c-a__container grid flex-row grid-cols-1 sm:grid-cols-2 lg:grid-cols-3 gap-4">
                            <div class="flex flex-col link-container" data-href="https://new.villa-arson.fr/en/villa-arson/">
                    <a href="https://new.villa-arson.fr/en/villa-arson/" class="contents">
                        <div class="ratio-16x9">
                            <figure><img decoding="async" width="382" height="290" src="https://villa-arson-assets.ams3.digitaloceanspaces.com/production/app/uploads/2024/10/31110519/Capture-decran-2024-10-31-a-10.15.20-382x290.jpg" class="attachment-post-thumbnail size-post-thumbnail wp-post-image" alt="" srcset="https://villa-arson-assets.ams3.digitaloceanspaces.com/production/app/uploads/2024/10/31110519/Capture-decran-2024-10-31-a-10.15.20-382x290.jpg 382w, https://villa-arson-assets.ams3.digitaloceanspaces.com/production/app/uploads/2024/10/31110519/Capture-decran-2024-10-31-a-10.15.20-300x228.jpg 300w, https://villa-arson-assets.ams3.digitaloceanspaces.com/production/app/uploads/2024/10/31110519/Capture-decran-2024-10-31-a-10.15.20-1024x778.jpg 1024w, https://villa-arson-assets.ams3.digitaloceanspaces.com/production/app/uploads/2024/10/31110519/Capture-decran-2024-10-31-a-10.15.20-768x583.jpg 768w, https://villa-arson-assets.ams3.digitaloceanspaces.com/production/app/uploads/2024/10/31110519/Capture-decran-2024-10-31-a-10.15.20-600x456.jpg 600w, https://villa-arson-assets.ams3.digitaloceanspaces.com/production/app/uploads/2024/10/31110519/Capture-decran-2024-10-31-a-10.15.20.jpg 1169w" sizes="(max-width: 382px) 100vw, 382px" /></figure>
                            <div class="hover-overlay top-0 left-0 right-0 bottom-0 hidden w-full h-full absolute"></div>
                        </div>
                        <div class="wp-block-button alignleft simple-link">
                            <span class="wp-block-button__link">Villa Arson</span>
                        </div>
                    </a>
                </div>
                            <div class="flex flex-col link-container" data-href="https://new.villa-arson.fr/en/villa-arson/institution/">
                    <a href="https://new.villa-arson.fr/en/villa-arson/institution/" class="contents">
                        <div class="ratio-16x9">
                            <figure><img decoding="async" width="400" height="259" src="https://villa-arson-assets.ams3.digitaloceanspaces.com/production/app/uploads/2025/02/04121736/Capture-decran-2025-02-04-a-12.17.17-400x259.jpg" class="attachment-post-thumbnail size-post-thumbnail wp-post-image" alt="" srcset="https://villa-arson-assets.ams3.digitaloceanspaces.com/production/app/uploads/2025/02/04121736/Capture-decran-2025-02-04-a-12.17.17-400x259.jpg 400w, https://villa-arson-assets.ams3.digitaloceanspaces.com/production/app/uploads/2025/02/04121736/Capture-decran-2025-02-04-a-12.17.17-300x195.jpg 300w, https://villa-arson-assets.ams3.digitaloceanspaces.com/production/app/uploads/2025/02/04121736/Capture-decran-2025-02-04-a-12.17.17-1024x664.jpg 1024w, https://villa-arson-assets.ams3.digitaloceanspaces.com/production/app/uploads/2025/02/04121736/Capture-decran-2025-02-04-a-12.17.17-768x498.jpg 768w, https://villa-arson-assets.ams3.digitaloceanspaces.com/production/app/uploads/2025/02/04121736/Capture-decran-2025-02-04-a-12.17.17-600x389.jpg 600w, https://villa-arson-assets.ams3.digitaloceanspaces.com/production/app/uploads/2025/02/04121736/Capture-decran-2025-02-04-a-12.17.17.jpg 1224w" sizes="(max-width: 400px) 100vw, 400px" /></figure>
                            <div class="hover-overlay top-0 left-0 right-0 bottom-0 hidden w-full h-full absolute"></div>
                        </div>
                        <div class="wp-block-button alignleft simple-link">
                            <span class="wp-block-button__link">Institution</span>
                        </div>
                    </a>
                </div>
                            <div class="flex flex-col link-container" data-href="https://new.villa-arson.fr/villa-arson/etablissement/equipe/">
                    <a href="https://new.villa-arson.fr/villa-arson/etablissement/equipe/" class="contents">
                        <div class="ratio-16x9">
                            <figure><img decoding="async" width="363" height="290" src="https://villa-arson-assets.ams3.digitaloceanspaces.com/production/app/uploads/2025/03/21093514/margarida-afonso-F01g8NPdOdo-unsplash-363x290.jpg" class="attachment-post-thumbnail size-post-thumbnail wp-post-image" alt="" srcset="https://villa-arson-assets.ams3.digitaloceanspaces.com/production/app/uploads/2025/03/21093514/margarida-afonso-F01g8NPdOdo-unsplash-363x290.jpg 363w, https://villa-arson-assets.ams3.digitaloceanspaces.com/production/app/uploads/2025/03/21093514/margarida-afonso-F01g8NPdOdo-unsplash-300x240.jpg 300w, https://villa-arson-assets.ams3.digitaloceanspaces.com/production/app/uploads/2025/03/21093514/margarida-afonso-F01g8NPdOdo-unsplash-1024x819.jpg 1024w, https://villa-arson-assets.ams3.digitaloceanspaces.com/production/app/uploads/2025/03/21093514/margarida-afonso-F01g8NPdOdo-unsplash-768x614.jpg 768w, https://villa-arson-assets.ams3.digitaloceanspaces.com/production/app/uploads/2025/03/21093514/margarida-afonso-F01g8NPdOdo-unsplash-1536x1229.jpg 1536w, https://villa-arson-assets.ams3.digitaloceanspaces.com/production/app/uploads/2025/03/21093514/margarida-afonso-F01g8NPdOdo-unsplash-600x480.jpg 600w, https://villa-arson-assets.ams3.digitaloceanspaces.com/production/app/uploads/2025/03/21093514/margarida-afonso-F01g8NPdOdo-unsplash.jpg 1920w" sizes="(max-width: 363px) 100vw, 363px" /></figure>
                            <div class="hover-overlay top-0 left-0 right-0 bottom-0 hidden w-full h-full absolute"></div>
                        </div>
                        <div class="wp-block-button alignleft simple-link">
                            <span class="wp-block-button__link">Équipe</span>
                        </div>
                    </a>
                </div>
                    </div>
    </div>
