{"id":63780,"date":"2025-05-02T19:42:37","date_gmt":"2025-05-02T17:42:37","guid":{"rendered":"https:\/\/new.villa-arson.fr\/?post_type=people&#038;p=63780"},"modified":"2025-05-02T19:46:44","modified_gmt":"2025-05-02T17:46:44","slug":"amelie-deschamps","status":"publish","type":"people","link":"https:\/\/new.villa-arson.fr\/en\/personne\/amelie-deschamps\/","title":{"rendered":"Am\u00e9lie Deschamps"},"content":{"rendered":"\n<h2 class=\"wp-block-heading\">PhD student 2025\u20132028<\/h2>\n\n\n\n<figure class=\"wp-block-image size-large\"><img decoding=\"async\" width=\"576\" height=\"1024\" src=\"https:\/\/villa-arson-assets.ams3.digitaloceanspaces.com\/production\/app\/uploads\/2025\/02\/28164807\/autoportrait-chiffonne-3-576x1024.jpg\" alt=\"\" class=\"wp-image-59956\" srcset=\"https:\/\/villa-arson-assets.ams3.digitaloceanspaces.com\/production\/app\/uploads\/2025\/02\/28164807\/autoportrait-chiffonne-3-576x1024.jpg 576w, https:\/\/villa-arson-assets.ams3.digitaloceanspaces.com\/production\/app\/uploads\/2025\/02\/28164807\/autoportrait-chiffonne-3-169x300.jpg 169w, https:\/\/villa-arson-assets.ams3.digitaloceanspaces.com\/production\/app\/uploads\/2025\/02\/28164807\/autoportrait-chiffonne-3-768x1365.jpg 768w, https:\/\/villa-arson-assets.ams3.digitaloceanspaces.com\/production\/app\/uploads\/2025\/02\/28164807\/autoportrait-chiffonne-3-864x1536.jpg 864w, https:\/\/villa-arson-assets.ams3.digitaloceanspaces.com\/production\/app\/uploads\/2025\/02\/28164807\/autoportrait-chiffonne-3-163x290.jpg 163w, https:\/\/villa-arson-assets.ams3.digitaloceanspaces.com\/production\/app\/uploads\/2025\/02\/28164807\/autoportrait-chiffonne-3-600x1067.jpg 600w, https:\/\/villa-arson-assets.ams3.digitaloceanspaces.com\/production\/app\/uploads\/2025\/02\/28164807\/autoportrait-chiffonne-3.jpg 1080w\" sizes=\"(max-width: 576px) 100vw, 576px\" \/><\/figure>\n\n\n\n<p>Am\u00e9lie Deschamps was selected as part of the joint doctoral program run by Villa Arson and the Universit\u00e9 C\u00f4te d\u2019Azur \u2013 EUR CREATES (IdEx), for a three-year doctoral project entitled: &nbsp;<\/p>\n\n\n\n<p>\u201cCRIPhasie<sup>1<\/sup>, une utopie ambigu\u00eb. L\u2019\u00c9g\u00e9rie Crip en bout de course: \u00e9vacuer le point de vue validiste au sein des institutions de la cr\u00e9ation contemporaine en exp\u00e9rimentant dans leurs architectures, par la narration transm\u00e9diale, une r\u00e9-appropriation des moyens de repr\u00e9sentation du handicap par les personnes concern\u00e9es.\u201d<\/p>\n\n\n\n<ul class=\"wp-block-list\">\n<li>Co-supervisor: Vanina G\u00e9r\u00e9<\/li>\n\n\n\n<li>Fields: Art, Disabilities, Narratology<\/li>\n\n\n\n<li>Doctoral school: Shal<\/li>\n\n\n\n<li>Supervisor: Marc Marti, Laboratoire Lirces_Creates<\/li>\n<\/ul>\n\n\n\n<h3 class=\"wp-block-heading\">Am\u00e9lie Deschamps\u2019 thesis<\/h3>\n\n\n\n<p>The object of my research is the critical need to restore to those affected by disabilities the power to represent themselves within the sites of dissemination and decision-making in the contemporary arts. To do so, I will develop an array of double-edged measures (generic and customized), with narrative as a key tool of empowerment within a transmedial arts practice that adopts an anti-ableist stance.<\/p>\n\n\n\n<p>The project will also explore the structural challenges of practicing this profession in the current climate, examining them in relation to the DIY (homespun) solutions deployed by individuals with diverse abilities in order to live. There is a troubling parallel between the situation of artists living with a disability in contemporary arts institutions and the figure of the \u201cpatient-advocate\u201d often invoked in the medical world.<\/p>\n\n\n\n<p>It is this notion which must be questioned and urgently developed from within, and in tandem with, contemporary arts institutions to make up for the delayed response to this so-called \u201cniche\u201d subject in France \u2014&nbsp;a subject which it is essential to address to re-establish a more plurivocal society. &nbsp;<\/p>\n\n\n\n<p>During this practice-based doctorate, I propose to activate this lever, with the help of my peers, by drawing on a body of theoretical work and a plurality of artistic media: photography, writing, video, performance, installations. Video games, however, will be the main tool for developing this project devoted to the rewriting of subjectivities, and something I will explore over the next three years in collaboration with the Master\u2019s program MAJIC (Management Jeu vid\u00e9o Image et Cr\u00e9ativit\u00e9), in order to create experimental, plurivocal narratives that I hope to showcase alongside the visitors\u2019 services team at Villa Arson and at another site dedicated to contemporary art in Paris.<\/p>\n\n\n\n<p><sup>1<\/sup>CRIPhasie: neologism designating the language invented by the Crip community, akin to cyptophasia (a language developed by twins), or a secret language used by a small number of people.<\/p>\n\n\n<div class=\"align wp-block-contenu-associe\">\n            <div>\n            <div class=\"acf-innerblocks-container\">\n\n<h3 class=\"wp-block-heading\"><\/h3>\n\n<\/div>\n        <\/div>\n        <div class=\"c-a__container grid flex-row grid-cols-1 sm:grid-cols-2 lg:grid-cols-3 gap-4\">\n                            <div class=\"flex flex-col link-container\" data-href=\"https:\/\/new.villa-arson.fr\/en\/research\/phd\/\">\n                    <a href=\"https:\/\/new.villa-arson.fr\/en\/research\/phd\/\" class=\"contents\">\n                        <div class=\"ratio-16x9\">\n                            <figure><img decoding=\"async\" width=\"400\" height=\"286\" src=\"https:\/\/villa-arson-assets.ams3.digitaloceanspaces.com\/production\/app\/uploads\/2021\/10\/20224359\/Arson140-400x286.jpeg\" class=\"attachment-post-thumbnail size-post-thumbnail wp-post-image\" alt=\"\" srcset=\"https:\/\/villa-arson-assets.ams3.digitaloceanspaces.com\/production\/app\/uploads\/2021\/10\/20224359\/Arson140-400x286.jpeg 400w, https:\/\/villa-arson-assets.ams3.digitaloceanspaces.com\/production\/app\/uploads\/2021\/10\/20224359\/Arson140-300x214.jpeg 300w, https:\/\/villa-arson-assets.ams3.digitaloceanspaces.com\/production\/app\/uploads\/2021\/10\/20224359\/Arson140-1024x732.jpeg 1024w, https:\/\/villa-arson-assets.ams3.digitaloceanspaces.com\/production\/app\/uploads\/2021\/10\/20224359\/Arson140-768x549.jpeg 768w, https:\/\/villa-arson-assets.ams3.digitaloceanspaces.com\/production\/app\/uploads\/2021\/10\/20224359\/Arson140-1536x1098.jpeg 1536w, https:\/\/villa-arson-assets.ams3.digitaloceanspaces.com\/production\/app\/uploads\/2021\/10\/20224359\/Arson140-2048x1464.jpeg 2048w, https:\/\/villa-arson-assets.ams3.digitaloceanspaces.com\/production\/app\/uploads\/2021\/10\/20224359\/Arson140-600x429.jpeg 600w\" sizes=\"(max-width: 400px) 100vw, 400px\" \/><\/figure>\n                            <div class=\"hover-overlay top-0 left-0 right-0 bottom-0 hidden w-full h-full absolute\"><\/div>\n                        <\/div>\n                        <div class=\"wp-block-button alignleft simple-link\">\n                            <span class=\"wp-block-button__link\">PhD<\/span>\n                        <\/div>\n                    <\/a>\n                <\/div>\n                            <div class=\"flex flex-col link-container\" data-href=\"https:\/\/new.villa-arson.fr\/personne\/elena-mazzi\/\">\n                    <a href=\"https:\/\/new.villa-arson.fr\/personne\/elena-mazzi\/\" class=\"contents\">\n                        <div class=\"ratio-16x9\">\n                            <figure><img decoding=\"async\" width=\"400\" height=\"225\" src=\"https:\/\/villa-arson-assets.ams3.digitaloceanspaces.com\/production\/app\/uploads\/2025\/01\/24182748\/UPSR_still10-1024x576-1-400x225.jpg\" class=\"attachment-post-thumbnail size-post-thumbnail wp-post-image\" alt=\"\" srcset=\"https:\/\/villa-arson-assets.ams3.digitaloceanspaces.com\/production\/app\/uploads\/2025\/01\/24182748\/UPSR_still10-1024x576-1-400x225.jpg 400w, https:\/\/villa-arson-assets.ams3.digitaloceanspaces.com\/production\/app\/uploads\/2025\/01\/24182748\/UPSR_still10-1024x576-1-300x169.jpg 300w, https:\/\/villa-arson-assets.ams3.digitaloceanspaces.com\/production\/app\/uploads\/2025\/01\/24182748\/UPSR_still10-1024x576-1-768x432.jpg 768w, https:\/\/villa-arson-assets.ams3.digitaloceanspaces.com\/production\/app\/uploads\/2025\/01\/24182748\/UPSR_still10-1024x576-1-600x338.jpg 600w, https:\/\/villa-arson-assets.ams3.digitaloceanspaces.com\/production\/app\/uploads\/2025\/01\/24182748\/UPSR_still10-1024x576-1.jpg 1024w\" sizes=\"(max-width: 400px) 100vw, 400px\" \/><\/figure>\n                            <div class=\"hover-overlay top-0 left-0 right-0 bottom-0 hidden w-full h-full absolute\"><\/div>\n                        <\/div>\n                        <div class=\"wp-block-button alignleft simple-link\">\n                            <span class=\"wp-block-button__link\">Elena Mazzi<\/span>\n                        <\/div>\n                    <\/a>\n                <\/div>\n                            <div class=\"flex flex-col link-container\" data-href=\"https:\/\/new.villa-arson.fr\/personne\/iva-radivojevic\/\">\n                    <a href=\"https:\/\/new.villa-arson.fr\/personne\/iva-radivojevic\/\" class=\"contents\">\n                        <div class=\"ratio-16x9\">\n                            <figure><img decoding=\"async\" width=\"386\" height=\"290\" src=\"https:\/\/villa-arson-assets.ams3.digitaloceanspaces.com\/production\/app\/uploads\/2025\/01\/03144947\/WTPR1-386x290.jpg\" class=\"attachment-post-thumbnail size-post-thumbnail wp-post-image\" alt=\"\" srcset=\"https:\/\/villa-arson-assets.ams3.digitaloceanspaces.com\/production\/app\/uploads\/2025\/01\/03144947\/WTPR1-386x290.jpg 386w, https:\/\/villa-arson-assets.ams3.digitaloceanspaces.com\/production\/app\/uploads\/2025\/01\/03144947\/WTPR1-300x225.jpg 300w, https:\/\/villa-arson-assets.ams3.digitaloceanspaces.com\/production\/app\/uploads\/2025\/01\/03144947\/WTPR1-1024x769.jpg 1024w, https:\/\/villa-arson-assets.ams3.digitaloceanspaces.com\/production\/app\/uploads\/2025\/01\/03144947\/WTPR1-768x577.jpg 768w, https:\/\/villa-arson-assets.ams3.digitaloceanspaces.com\/production\/app\/uploads\/2025\/01\/03144947\/WTPR1-600x451.jpg 600w, https:\/\/villa-arson-assets.ams3.digitaloceanspaces.com\/production\/app\/uploads\/2025\/01\/03144947\/WTPR1.jpg 1438w\" sizes=\"(max-width: 386px) 100vw, 386px\" \/><\/figure>\n                            <div class=\"hover-overlay top-0 left-0 right-0 bottom-0 hidden w-full h-full absolute\"><\/div>\n                        <\/div>\n                        <div class=\"wp-block-button alignleft simple-link\">\n                            <span class=\"wp-block-button__link\">Iva Radivojevi\u0107<\/span>\n                        <\/div>\n                    <\/a>\n                <\/div>\n                    <\/div>\n    <\/div>\n","protected":false},"featured_media":59957,"template":"","people_role_taxonomy":[],"class_list":["post-63780","people","type-people","status-publish","has-post-thumbnail","hentry"],"acf":[],"_links":{"self":[{"href":"https:\/\/new.villa-arson.fr\/en\/wp-json\/wp\/v2\/people\/63780","targetHints":{"allow":["GET"]}}],"collection":[{"href":"https:\/\/new.villa-arson.fr\/en\/wp-json\/wp\/v2\/people"}],"about":[{"href":"https:\/\/new.villa-arson.fr\/en\/wp-json\/wp\/v2\/types\/people"}],"wp:featuredmedia":[{"embeddable":true,"href":"https:\/\/new.villa-arson.fr\/en\/wp-json\/wp\/v2\/media\/59957"}],"wp:attachment":[{"href":"https:\/\/new.villa-arson.fr\/en\/wp-json\/wp\/v2\/media?parent=63780"}],"wp:term":[{"taxonomy":"people_role_taxonomy","embeddable":true,"href":"https:\/\/new.villa-arson.fr\/en\/wp-json\/wp\/v2\/people_role_taxonomy?post=63780"}],"curies":[{"name":"wp","href":"https:\/\/api.w.org\/{rel}","templated":true}]}}

Amélie Deschamps

<h2 class="wp-block-heading">PhD student 2025–2028</h2>



<figure class="wp-block-image size-large"><img decoding="async" width="576" height="1024" src="https://villa-arson-assets.ams3.digitaloceanspaces.com/production/app/uploads/2025/02/28164807/autoportrait-chiffonne-3-576x1024.jpg" alt="" class="wp-image-59956" srcset="https://villa-arson-assets.ams3.digitaloceanspaces.com/production/app/uploads/2025/02/28164807/autoportrait-chiffonne-3-576x1024.jpg 576w, https://villa-arson-assets.ams3.digitaloceanspaces.com/production/app/uploads/2025/02/28164807/autoportrait-chiffonne-3-169x300.jpg 169w, https://villa-arson-assets.ams3.digitaloceanspaces.com/production/app/uploads/2025/02/28164807/autoportrait-chiffonne-3-768x1365.jpg 768w, https://villa-arson-assets.ams3.digitaloceanspaces.com/production/app/uploads/2025/02/28164807/autoportrait-chiffonne-3-864x1536.jpg 864w, https://villa-arson-assets.ams3.digitaloceanspaces.com/production/app/uploads/2025/02/28164807/autoportrait-chiffonne-3-163x290.jpg 163w, https://villa-arson-assets.ams3.digitaloceanspaces.com/production/app/uploads/2025/02/28164807/autoportrait-chiffonne-3-600x1067.jpg 600w, https://villa-arson-assets.ams3.digitaloceanspaces.com/production/app/uploads/2025/02/28164807/autoportrait-chiffonne-3.jpg 1080w" sizes="(max-width: 576px) 100vw, 576px" /></figure>



<p>Amélie Deschamps was selected as part of the joint doctoral program run by Villa Arson and the Université Côte d’Azur – EUR CREATES (IdEx), for a three-year doctoral project entitled: &nbsp;</p>



<p>“CRIPhasie<sup>1</sup>, une utopie ambiguë. L’Égérie Crip en bout de course: évacuer le point de vue validiste au sein des institutions de la création contemporaine en expérimentant dans leurs architectures, par la narration transmédiale, une ré-appropriation des moyens de représentation du handicap par les personnes concernées.”</p>



<ul class="wp-block-list">
<li>Co-supervisor: Vanina Géré</li>



<li>Fields: Art, Disabilities, Narratology</li>



<li>Doctoral school: Shal</li>



<li>Supervisor: Marc Marti, Laboratoire Lirces_Creates</li>
</ul>



<h3 class="wp-block-heading">Amélie Deschamps’ thesis</h3>



<p>The object of my research is the critical need to restore to those affected by disabilities the power to represent themselves within the sites of dissemination and decision-making in the contemporary arts. To do so, I will develop an array of double-edged measures (generic and customized), with narrative as a key tool of empowerment within a transmedial arts practice that adopts an anti-ableist stance.</p>



<p>The project will also explore the structural challenges of practicing this profession in the current climate, examining them in relation to the DIY (homespun) solutions deployed by individuals with diverse abilities in order to live. There is a troubling parallel between the situation of artists living with a disability in contemporary arts institutions and the figure of the “patient-advocate” often invoked in the medical world.</p>



<p>It is this notion which must be questioned and urgently developed from within, and in tandem with, contemporary arts institutions to make up for the delayed response to this so-called “niche” subject in France —&nbsp;a subject which it is essential to address to re-establish a more plurivocal society. &nbsp;</p>



<p>During this practice-based doctorate, I propose to activate this lever, with the help of my peers, by drawing on a body of theoretical work and a plurality of artistic media: photography, writing, video, performance, installations. Video games, however, will be the main tool for developing this project devoted to the rewriting of subjectivities, and something I will explore over the next three years in collaboration with the Master’s program MAJIC (Management Jeu vidéo Image et Créativité), in order to create experimental, plurivocal narratives that I hope to showcase alongside the visitors’ services team at Villa Arson and at another site dedicated to contemporary art in Paris.</p>



<p><sup>1</sup>CRIPhasie: neologism designating the language invented by the Crip community, akin to cyptophasia (a language developed by twins), or a secret language used by a small number of people.</p>


<div class="align wp-block-contenu-associe">
            <div>
            <div class="acf-innerblocks-container">

<h3 class="wp-block-heading"></h3>

</div>
        </div>
        <div class="c-a__container grid flex-row grid-cols-1 sm:grid-cols-2 lg:grid-cols-3 gap-4">
                            <div class="flex flex-col link-container" data-href="https://new.villa-arson.fr/en/research/phd/">
                    <a href="https://new.villa-arson.fr/en/research/phd/" class="contents">
                        <div class="ratio-16x9">
                            <figure><img decoding="async" width="400" height="286" src="https://villa-arson-assets.ams3.digitaloceanspaces.com/production/app/uploads/2021/10/20224359/Arson140-400x286.jpeg" class="attachment-post-thumbnail size-post-thumbnail wp-post-image" alt="" srcset="https://villa-arson-assets.ams3.digitaloceanspaces.com/production/app/uploads/2021/10/20224359/Arson140-400x286.jpeg 400w, https://villa-arson-assets.ams3.digitaloceanspaces.com/production/app/uploads/2021/10/20224359/Arson140-300x214.jpeg 300w, https://villa-arson-assets.ams3.digitaloceanspaces.com/production/app/uploads/2021/10/20224359/Arson140-1024x732.jpeg 1024w, https://villa-arson-assets.ams3.digitaloceanspaces.com/production/app/uploads/2021/10/20224359/Arson140-768x549.jpeg 768w, https://villa-arson-assets.ams3.digitaloceanspaces.com/production/app/uploads/2021/10/20224359/Arson140-1536x1098.jpeg 1536w, https://villa-arson-assets.ams3.digitaloceanspaces.com/production/app/uploads/2021/10/20224359/Arson140-2048x1464.jpeg 2048w, https://villa-arson-assets.ams3.digitaloceanspaces.com/production/app/uploads/2021/10/20224359/Arson140-600x429.jpeg 600w" sizes="(max-width: 400px) 100vw, 400px" /></figure>
                            <div class="hover-overlay top-0 left-0 right-0 bottom-0 hidden w-full h-full absolute"></div>
                        </div>
                        <div class="wp-block-button alignleft simple-link">
                            <span class="wp-block-button__link">PhD</span>
                        </div>
                    </a>
                </div>
                            <div class="flex flex-col link-container" data-href="https://new.villa-arson.fr/personne/elena-mazzi/">
                    <a href="https://new.villa-arson.fr/personne/elena-mazzi/" class="contents">
                        <div class="ratio-16x9">
                            <figure><img decoding="async" width="400" height="225" src="https://villa-arson-assets.ams3.digitaloceanspaces.com/production/app/uploads/2025/01/24182748/UPSR_still10-1024x576-1-400x225.jpg" class="attachment-post-thumbnail size-post-thumbnail wp-post-image" alt="" srcset="https://villa-arson-assets.ams3.digitaloceanspaces.com/production/app/uploads/2025/01/24182748/UPSR_still10-1024x576-1-400x225.jpg 400w, https://villa-arson-assets.ams3.digitaloceanspaces.com/production/app/uploads/2025/01/24182748/UPSR_still10-1024x576-1-300x169.jpg 300w, https://villa-arson-assets.ams3.digitaloceanspaces.com/production/app/uploads/2025/01/24182748/UPSR_still10-1024x576-1-768x432.jpg 768w, https://villa-arson-assets.ams3.digitaloceanspaces.com/production/app/uploads/2025/01/24182748/UPSR_still10-1024x576-1-600x338.jpg 600w, https://villa-arson-assets.ams3.digitaloceanspaces.com/production/app/uploads/2025/01/24182748/UPSR_still10-1024x576-1.jpg 1024w" sizes="(max-width: 400px) 100vw, 400px" /></figure>
                            <div class="hover-overlay top-0 left-0 right-0 bottom-0 hidden w-full h-full absolute"></div>
                        </div>
                        <div class="wp-block-button alignleft simple-link">
                            <span class="wp-block-button__link">Elena Mazzi</span>
                        </div>
                    </a>
                </div>
                            <div class="flex flex-col link-container" data-href="https://new.villa-arson.fr/personne/iva-radivojevic/">
                    <a href="https://new.villa-arson.fr/personne/iva-radivojevic/" class="contents">
                        <div class="ratio-16x9">
                            <figure><img decoding="async" width="386" height="290" src="https://villa-arson-assets.ams3.digitaloceanspaces.com/production/app/uploads/2025/01/03144947/WTPR1-386x290.jpg" class="attachment-post-thumbnail size-post-thumbnail wp-post-image" alt="" srcset="https://villa-arson-assets.ams3.digitaloceanspaces.com/production/app/uploads/2025/01/03144947/WTPR1-386x290.jpg 386w, https://villa-arson-assets.ams3.digitaloceanspaces.com/production/app/uploads/2025/01/03144947/WTPR1-300x225.jpg 300w, https://villa-arson-assets.ams3.digitaloceanspaces.com/production/app/uploads/2025/01/03144947/WTPR1-1024x769.jpg 1024w, https://villa-arson-assets.ams3.digitaloceanspaces.com/production/app/uploads/2025/01/03144947/WTPR1-768x577.jpg 768w, https://villa-arson-assets.ams3.digitaloceanspaces.com/production/app/uploads/2025/01/03144947/WTPR1-600x451.jpg 600w, https://villa-arson-assets.ams3.digitaloceanspaces.com/production/app/uploads/2025/01/03144947/WTPR1.jpg 1438w" sizes="(max-width: 386px) 100vw, 386px" /></figure>
                            <div class="hover-overlay top-0 left-0 right-0 bottom-0 hidden w-full h-full absolute"></div>
                        </div>
                        <div class="wp-block-button alignleft simple-link">
                            <span class="wp-block-button__link">Iva Radivojević</span>
                        </div>
                    </a>
                </div>
                    </div>
    </div>
