{"id":63783,"date":"2025-05-02T19:54:03","date_gmt":"2025-05-02T17:54:03","guid":{"rendered":"https:\/\/new.villa-arson.fr\/?post_type=people&#038;p=63783"},"modified":"2025-05-02T19:54:08","modified_gmt":"2025-05-02T17:54:08","slug":"mawena-yehouessi","status":"publish","type":"people","link":"https:\/\/new.villa-arson.fr\/en\/personne\/mawena-yehouessi\/","title":{"rendered":"Mawena Yehouessi"},"content":{"rendered":"\n<p><\/p>\n\n\n\n<figure class=\"wp-block-image size-large\"><img decoding=\"async\" width=\"1024\" height=\"537\" src=\"\/app\/uploads\/2021\/10\/TriptychManifesto-1web-1420x744-1-1024x537.jpeg\" alt=\"collage d'images num\u00e9riques\" class=\"wp-image-22125\" srcset=\"https:\/\/villa-arson-assets.ams3.digitaloceanspaces.com\/production\/app\/uploads\/2021\/10\/20224556\/TriptychManifesto-1web-1420x744-1-1024x537.jpeg 1024w, https:\/\/villa-arson-assets.ams3.digitaloceanspaces.com\/production\/app\/uploads\/2021\/10\/20224556\/TriptychManifesto-1web-1420x744-1-300x157.jpeg 300w, https:\/\/villa-arson-assets.ams3.digitaloceanspaces.com\/production\/app\/uploads\/2021\/10\/20224556\/TriptychManifesto-1web-1420x744-1-768x402.jpeg 768w, https:\/\/villa-arson-assets.ams3.digitaloceanspaces.com\/production\/app\/uploads\/2021\/10\/20224556\/TriptychManifesto-1web-1420x744-1-400x210.jpeg 400w, https:\/\/villa-arson-assets.ams3.digitaloceanspaces.com\/production\/app\/uploads\/2021\/10\/20224556\/TriptychManifesto-1web-1420x744-1-600x314.jpeg 600w, https:\/\/villa-arson-assets.ams3.digitaloceanspaces.com\/production\/app\/uploads\/2021\/10\/20224556\/TriptychManifesto-1web-1420x744-1.jpeg 1420w\" sizes=\"(max-width: 1024px) 100vw, 1024px\" \/><\/figure>\n\n\n\n<p>Mawena Yehouessi was the first graduate (2019\u20132024) of the PhD in project-based research conceived by Villa Arson and the Universit\u00e9 C\u00f4te d\u2019Azur.<\/p>\n\n\n\n<p>On Thursday 12 December 2024, Yehouessi defended (t)he(i)r thesis entitled \u201cPo\u00efetiques afrofuturistes. Trimer trames \u00e0 l\u2019intersection du collage et de la curation\u201d at Villa Arson.&nbsp;<\/p>\n\n\n\n<h3 class=\"wp-block-heading\">Mawena Yehouessi<\/h3>\n\n\n\n<p>Born in 1990 in Cotonou (Benin), Mawena Yehouessi is a self-described collisionist: a multi-hyphenate curator, researcher and artist. Founder of the collective Black(s) to the Future, they live and work between Nice and Paris, France. D(\u00e9)riv(e)ing forward through alter-futurisms and poiethics, Yehouessi\u2019s collaborative, forward-looking practice is based on im-ploration and collage, making space and time collide | confront | capsize. From a background in literature and philosophy, cultural project management and contemporary dance, Yehouessi belongs to those unclassifiable\/de(*)classified generations whose realities, practices and worlds, whose \u201cprofessions\u201d are a succession of slashes, soro-commons and shifts.<\/p>\n\n\n\n<h3 class=\"wp-block-heading\">The thesis<\/h3>\n\n\n\n<p>In turn recombining and gambling (on) a set of practices that are simultaneously speculative, artistic and collective, at any rate mined from survival strategies and (so-)called \u201cminoritarian\u201d necessities, Yehouessi\u2019s aim is not to create or decrypt new methods, knowledge or theories of art, but to put them to the \u2014 concrete and collective \u2014 test in space-times where co-existence is a synonym of co-creation. Combining Afrofuturism and Black Studies, artistic\/curatorial realities, writing\/translation and teaching\/research, Yehouessi invited, through three separate projects \u2014 a film\/series, <em>Sol in the Dark<\/em>, a choreographic installation, \u201cNSNAMDLM\u201d, and the exhibition\/workshops<em> to<\/em> <em>\u201cThe Fire Next Time\u201d<\/em> \u2014 a multi-plicity of fe\/*\/male practitioners and friends to co-create situations of hostility and hospitality, of feats and defeats, of rage, toil, support and sympathy.<\/p>\n\n\n\n<h3 class=\"wp-block-heading\">Supervisors<\/h3>\n\n\n\n<p>Jean Fran\u00e7ois Trubert, Professor of Musicology, Universit\u00e9 C\u00f4te d\u2019Azur<\/p>\n\n\n\n<p>Sophie Orlando, Professor of Art Theory, Villa Arson<\/p>\n\n\n\n<p>Nadia Yala Kisukidi, Professor of Philosophy, Paris 8 and now Associate Professor of French Literature, Thought and Culture, NYU<\/p>\n\n\n\n<h3 class=\"wp-block-heading\">The Villa Arson x Universit\u00e9 C\u00f4te d\u2019Azur PhD program<\/h3>\n\n\n\n<p>Practice-based research in arts aims to establish the artistic project as a matrix for research, combining both analytical reflection and the production of artworks.<\/p>\n\n\n\n<p>This doctoral program is aimed specifically at candidates displaying an original and innovative output in their chosen practical and theoretical fields, and also displaying a mastery of the theory, history and current stakes of art and the human and social sciences.<\/p>\n\n\n\n<p>Above all the candidate must demonstrate a new and experimental approach to the creation and presentation of art, as well as ongoing research activity at master\u2019s level or the equivalent. All forms of research are valid, however an interest in the Villa Arson\u2019s specific areas of activity is required.<\/p>\n\n\n<div class=\"align wp-block-contenu-associe\">\n            <div>\n            <div class=\"acf-innerblocks-container\">\n\n<h3 class=\"wp-block-heading\">Exhibitions as curator at Villa Arson<\/h3>\n\n<\/div>\n        <\/div>\n        <div class=\"c-a__container grid flex-row grid-cols-1 sm:grid-cols-2 lg:grid-cols-3 gap-4\">\n                            <div class=\"flex flex-col link-container\" data-href=\"https:\/\/new.villa-arson.fr\/programmation\/expositions\/to-the-fire-next-time\/\">\n                    <a href=\"https:\/\/new.villa-arson.fr\/programmation\/expositions\/to-the-fire-next-time\/\" class=\"contents\">\n                        <div class=\"ratio-16x9\">\n                            <figure><img decoding=\"async\" width=\"205\" height=\"290\" src=\"https:\/\/villa-arson-assets.ams3.digitaloceanspaces.com\/production\/app\/uploads\/2023\/01\/20215604\/Aminata-Labor_etude-peinture_villa-arson-nice_2023-205x290.jpg\" class=\"attachment-post-thumbnail size-post-thumbnail wp-post-image\" alt=\"dessin et peinture, tons sombres\" srcset=\"https:\/\/villa-arson-assets.ams3.digitaloceanspaces.com\/production\/app\/uploads\/2023\/01\/20215604\/Aminata-Labor_etude-peinture_villa-arson-nice_2023-205x290.jpg 205w, https:\/\/villa-arson-assets.ams3.digitaloceanspaces.com\/production\/app\/uploads\/2023\/01\/20215604\/Aminata-Labor_etude-peinture_villa-arson-nice_2023-212x300.jpg 212w, https:\/\/villa-arson-assets.ams3.digitaloceanspaces.com\/production\/app\/uploads\/2023\/01\/20215604\/Aminata-Labor_etude-peinture_villa-arson-nice_2023-725x1024.jpg 725w, https:\/\/villa-arson-assets.ams3.digitaloceanspaces.com\/production\/app\/uploads\/2023\/01\/20215604\/Aminata-Labor_etude-peinture_villa-arson-nice_2023-768x1085.jpg 768w, https:\/\/villa-arson-assets.ams3.digitaloceanspaces.com\/production\/app\/uploads\/2023\/01\/20215604\/Aminata-Labor_etude-peinture_villa-arson-nice_2023-1087x1536.jpg 1087w, https:\/\/villa-arson-assets.ams3.digitaloceanspaces.com\/production\/app\/uploads\/2023\/01\/20215604\/Aminata-Labor_etude-peinture_villa-arson-nice_2023-1449x2048.jpg 1449w, https:\/\/villa-arson-assets.ams3.digitaloceanspaces.com\/production\/app\/uploads\/2023\/01\/20215604\/Aminata-Labor_etude-peinture_villa-arson-nice_2023-600x848.jpg 600w, https:\/\/villa-arson-assets.ams3.digitaloceanspaces.com\/production\/app\/uploads\/2023\/01\/20215604\/Aminata-Labor_etude-peinture_villa-arson-nice_2023-scaled.jpg 1359w\" sizes=\"(max-width: 205px) 100vw, 205px\" \/><\/figure>\n                            <div class=\"hover-overlay top-0 left-0 right-0 bottom-0 hidden w-full h-full absolute\"><\/div>\n                        <\/div>\n                        <div class=\"wp-block-button alignleft simple-link\">\n                            <span class=\"wp-block-button__link\">to &quot;The Fire Next Time&quot;<\/span>\n                        <\/div>\n                    <\/a>\n                <\/div>\n                            <div class=\"flex flex-col link-container\" data-href=\"https:\/\/new.villa-arson.fr\/programmation\/expositions\/danielle-brathwaite-shirley\/\">\n                    <a href=\"https:\/\/new.villa-arson.fr\/programmation\/expositions\/danielle-brathwaite-shirley\/\" class=\"contents\">\n                        <div class=\"ratio-16x9\">\n                            <figure><img decoding=\"async\" width=\"400\" height=\"225\" src=\"https:\/\/villa-arson-assets.ams3.digitaloceanspaces.com\/production\/app\/uploads\/2023\/01\/20215027\/Danielle-Brathwaite-Shirley_4__villa-arson_nice_2023-400x225.png\" class=\"attachment-post-thumbnail size-post-thumbnail wp-post-image\" alt=\"fond sombre, une visage anamorphos\u00e9, une bouche maquill\u00e9e et des damier noir et blanc\" srcset=\"https:\/\/villa-arson-assets.ams3.digitaloceanspaces.com\/production\/app\/uploads\/2023\/01\/20215027\/Danielle-Brathwaite-Shirley_4__villa-arson_nice_2023-400x225.png 400w, https:\/\/villa-arson-assets.ams3.digitaloceanspaces.com\/production\/app\/uploads\/2023\/01\/20215027\/Danielle-Brathwaite-Shirley_4__villa-arson_nice_2023-300x169.png 300w, https:\/\/villa-arson-assets.ams3.digitaloceanspaces.com\/production\/app\/uploads\/2023\/01\/20215027\/Danielle-Brathwaite-Shirley_4__villa-arson_nice_2023-1024x576.png 1024w, https:\/\/villa-arson-assets.ams3.digitaloceanspaces.com\/production\/app\/uploads\/2023\/01\/20215027\/Danielle-Brathwaite-Shirley_4__villa-arson_nice_2023-768x432.png 768w, https:\/\/villa-arson-assets.ams3.digitaloceanspaces.com\/production\/app\/uploads\/2023\/01\/20215027\/Danielle-Brathwaite-Shirley_4__villa-arson_nice_2023-1536x864.png 1536w, https:\/\/villa-arson-assets.ams3.digitaloceanspaces.com\/production\/app\/uploads\/2023\/01\/20215027\/Danielle-Brathwaite-Shirley_4__villa-arson_nice_2023-600x338.png 600w, https:\/\/villa-arson-assets.ams3.digitaloceanspaces.com\/production\/app\/uploads\/2023\/01\/20215027\/Danielle-Brathwaite-Shirley_4__villa-arson_nice_2023.png 1920w\" sizes=\"(max-width: 400px) 100vw, 400px\" \/><\/figure>\n                            <div class=\"hover-overlay top-0 left-0 right-0 bottom-0 hidden w-full h-full absolute\"><\/div>\n                        <\/div>\n                        <div class=\"wp-block-button alignleft simple-link\">\n                            <span class=\"wp-block-button__link\">Danielle Brathwaite-Shirley<\/span>\n                        <\/div>\n                    <\/a>\n                <\/div>\n                    <\/div>\n    <\/div>\n","protected":false},"featured_media":58089,"template":"","people_role_taxonomy":[],"class_list":["post-63783","people","type-people","status-publish","has-post-thumbnail","hentry"],"acf":[],"_links":{"self":[{"href":"https:\/\/new.villa-arson.fr\/en\/wp-json\/wp\/v2\/people\/63783","targetHints":{"allow":["GET"]}}],"collection":[{"href":"https:\/\/new.villa-arson.fr\/en\/wp-json\/wp\/v2\/people"}],"about":[{"href":"https:\/\/new.villa-arson.fr\/en\/wp-json\/wp\/v2\/types\/people"}],"wp:featuredmedia":[{"embeddable":true,"href":"https:\/\/new.villa-arson.fr\/en\/wp-json\/wp\/v2\/media\/58089"}],"wp:attachment":[{"href":"https:\/\/new.villa-arson.fr\/en\/wp-json\/wp\/v2\/media?parent=63783"}],"wp:term":[{"taxonomy":"people_role_taxonomy","embeddable":true,"href":"https:\/\/new.villa-arson.fr\/en\/wp-json\/wp\/v2\/people_role_taxonomy?post=63783"}],"curies":[{"name":"wp","href":"https:\/\/api.w.org\/{rel}","templated":true}]}}

<p></p>



<figure class="wp-block-image size-large"><img decoding="async" width="1024" height="537" src="/app/uploads/2021/10/TriptychManifesto-1web-1420x744-1-1024x537.jpeg" alt="collage d'images numériques" class="wp-image-22125" srcset="https://villa-arson-assets.ams3.digitaloceanspaces.com/production/app/uploads/2021/10/20224556/TriptychManifesto-1web-1420x744-1-1024x537.jpeg 1024w, https://villa-arson-assets.ams3.digitaloceanspaces.com/production/app/uploads/2021/10/20224556/TriptychManifesto-1web-1420x744-1-300x157.jpeg 300w, https://villa-arson-assets.ams3.digitaloceanspaces.com/production/app/uploads/2021/10/20224556/TriptychManifesto-1web-1420x744-1-768x402.jpeg 768w, https://villa-arson-assets.ams3.digitaloceanspaces.com/production/app/uploads/2021/10/20224556/TriptychManifesto-1web-1420x744-1-400x210.jpeg 400w, https://villa-arson-assets.ams3.digitaloceanspaces.com/production/app/uploads/2021/10/20224556/TriptychManifesto-1web-1420x744-1-600x314.jpeg 600w, https://villa-arson-assets.ams3.digitaloceanspaces.com/production/app/uploads/2021/10/20224556/TriptychManifesto-1web-1420x744-1.jpeg 1420w" sizes="(max-width: 1024px) 100vw, 1024px" /></figure>



<p>Mawena Yehouessi was the first graduate (2019–2024) of the PhD in project-based research conceived by Villa Arson and the Université Côte d’Azur.</p>



<p>On Thursday 12 December 2024, Yehouessi defended (t)he(i)r thesis entitled “Poïetiques afrofuturistes. Trimer trames à l’intersection du collage et de la curation” at Villa Arson.&nbsp;</p>



<h3 class="wp-block-heading">Mawena Yehouessi</h3>



<p>Born in 1990 in Cotonou (Benin), Mawena Yehouessi is a self-described collisionist: a multi-hyphenate curator, researcher and artist. Founder of the collective Black(s) to the Future, they live and work between Nice and Paris, France. D(é)riv(e)ing forward through alter-futurisms and poiethics, Yehouessi’s collaborative, forward-looking practice is based on im-ploration and collage, making space and time collide | confront | capsize. From a background in literature and philosophy, cultural project management and contemporary dance, Yehouessi belongs to those unclassifiable/de(*)classified generations whose realities, practices and worlds, whose “professions” are a succession of slashes, soro-commons and shifts.</p>



<h3 class="wp-block-heading">The thesis</h3>



<p>In turn recombining and gambling (on) a set of practices that are simultaneously speculative, artistic and collective, at any rate mined from survival strategies and (so-)called “minoritarian” necessities, Yehouessi’s aim is not to create or decrypt new methods, knowledge or theories of art, but to put them to the — concrete and collective — test in space-times where co-existence is a synonym of co-creation. Combining Afrofuturism and Black Studies, artistic/curatorial realities, writing/translation and teaching/research, Yehouessi invited, through three separate projects — a film/series, <em>Sol in the Dark</em>, a choreographic installation, “NSNAMDLM”, and the exhibition/workshops<em> to</em> <em>“The Fire Next Time”</em> — a multi-plicity of fe/*/male practitioners and friends to co-create situations of hostility and hospitality, of feats and defeats, of rage, toil, support and sympathy.</p>



<h3 class="wp-block-heading">Supervisors</h3>



<p>Jean François Trubert, Professor of Musicology, Université Côte d’Azur</p>



<p>Sophie Orlando, Professor of Art Theory, Villa Arson</p>



<p>Nadia Yala Kisukidi, Professor of Philosophy, Paris 8 and now Associate Professor of French Literature, Thought and Culture, NYU</p>



<h3 class="wp-block-heading">The Villa Arson x Université Côte d’Azur PhD program</h3>



<p>Practice-based research in arts aims to establish the artistic project as a matrix for research, combining both analytical reflection and the production of artworks.</p>



<p>This doctoral program is aimed specifically at candidates displaying an original and innovative output in their chosen practical and theoretical fields, and also displaying a mastery of the theory, history and current stakes of art and the human and social sciences.</p>



<p>Above all the candidate must demonstrate a new and experimental approach to the creation and presentation of art, as well as ongoing research activity at master’s level or the equivalent. All forms of research are valid, however an interest in the Villa Arson’s specific areas of activity is required.</p>


<div class="align wp-block-contenu-associe">
            <div>
            <div class="acf-innerblocks-container">

<h3 class="wp-block-heading">Exhibitions as curator at Villa Arson</h3>

</div>
        </div>
        <div class="c-a__container grid flex-row grid-cols-1 sm:grid-cols-2 lg:grid-cols-3 gap-4">
                            <div class="flex flex-col link-container" data-href="https://new.villa-arson.fr/programmation/expositions/to-the-fire-next-time/">
                    <a href="https://new.villa-arson.fr/programmation/expositions/to-the-fire-next-time/" class="contents">
                        <div class="ratio-16x9">
                            <figure><img decoding="async" width="205" height="290" src="https://villa-arson-assets.ams3.digitaloceanspaces.com/production/app/uploads/2023/01/20215604/Aminata-Labor_etude-peinture_villa-arson-nice_2023-205x290.jpg" class="attachment-post-thumbnail size-post-thumbnail wp-post-image" alt="dessin et peinture, tons sombres" srcset="https://villa-arson-assets.ams3.digitaloceanspaces.com/production/app/uploads/2023/01/20215604/Aminata-Labor_etude-peinture_villa-arson-nice_2023-205x290.jpg 205w, https://villa-arson-assets.ams3.digitaloceanspaces.com/production/app/uploads/2023/01/20215604/Aminata-Labor_etude-peinture_villa-arson-nice_2023-212x300.jpg 212w, https://villa-arson-assets.ams3.digitaloceanspaces.com/production/app/uploads/2023/01/20215604/Aminata-Labor_etude-peinture_villa-arson-nice_2023-725x1024.jpg 725w, https://villa-arson-assets.ams3.digitaloceanspaces.com/production/app/uploads/2023/01/20215604/Aminata-Labor_etude-peinture_villa-arson-nice_2023-768x1085.jpg 768w, https://villa-arson-assets.ams3.digitaloceanspaces.com/production/app/uploads/2023/01/20215604/Aminata-Labor_etude-peinture_villa-arson-nice_2023-1087x1536.jpg 1087w, https://villa-arson-assets.ams3.digitaloceanspaces.com/production/app/uploads/2023/01/20215604/Aminata-Labor_etude-peinture_villa-arson-nice_2023-1449x2048.jpg 1449w, https://villa-arson-assets.ams3.digitaloceanspaces.com/production/app/uploads/2023/01/20215604/Aminata-Labor_etude-peinture_villa-arson-nice_2023-600x848.jpg 600w, https://villa-arson-assets.ams3.digitaloceanspaces.com/production/app/uploads/2023/01/20215604/Aminata-Labor_etude-peinture_villa-arson-nice_2023-scaled.jpg 1359w" sizes="(max-width: 205px) 100vw, 205px" /></figure>
                            <div class="hover-overlay top-0 left-0 right-0 bottom-0 hidden w-full h-full absolute"></div>
                        </div>
                        <div class="wp-block-button alignleft simple-link">
                            <span class="wp-block-button__link">to &quot;The Fire Next Time&quot;</span>
                        </div>
                    </a>
                </div>
                            <div class="flex flex-col link-container" data-href="https://new.villa-arson.fr/programmation/expositions/danielle-brathwaite-shirley/">
                    <a href="https://new.villa-arson.fr/programmation/expositions/danielle-brathwaite-shirley/" class="contents">
                        <div class="ratio-16x9">
                            <figure><img decoding="async" width="400" height="225" src="https://villa-arson-assets.ams3.digitaloceanspaces.com/production/app/uploads/2023/01/20215027/Danielle-Brathwaite-Shirley_4__villa-arson_nice_2023-400x225.png" class="attachment-post-thumbnail size-post-thumbnail wp-post-image" alt="fond sombre, une visage anamorphosé, une bouche maquillée et des damier noir et blanc" srcset="https://villa-arson-assets.ams3.digitaloceanspaces.com/production/app/uploads/2023/01/20215027/Danielle-Brathwaite-Shirley_4__villa-arson_nice_2023-400x225.png 400w, https://villa-arson-assets.ams3.digitaloceanspaces.com/production/app/uploads/2023/01/20215027/Danielle-Brathwaite-Shirley_4__villa-arson_nice_2023-300x169.png 300w, https://villa-arson-assets.ams3.digitaloceanspaces.com/production/app/uploads/2023/01/20215027/Danielle-Brathwaite-Shirley_4__villa-arson_nice_2023-1024x576.png 1024w, https://villa-arson-assets.ams3.digitaloceanspaces.com/production/app/uploads/2023/01/20215027/Danielle-Brathwaite-Shirley_4__villa-arson_nice_2023-768x432.png 768w, https://villa-arson-assets.ams3.digitaloceanspaces.com/production/app/uploads/2023/01/20215027/Danielle-Brathwaite-Shirley_4__villa-arson_nice_2023-1536x864.png 1536w, https://villa-arson-assets.ams3.digitaloceanspaces.com/production/app/uploads/2023/01/20215027/Danielle-Brathwaite-Shirley_4__villa-arson_nice_2023-600x338.png 600w, https://villa-arson-assets.ams3.digitaloceanspaces.com/production/app/uploads/2023/01/20215027/Danielle-Brathwaite-Shirley_4__villa-arson_nice_2023.png 1920w" sizes="(max-width: 400px) 100vw, 400px" /></figure>
                            <div class="hover-overlay top-0 left-0 right-0 bottom-0 hidden w-full h-full absolute"></div>
                        </div>
                        <div class="wp-block-button alignleft simple-link">
                            <span class="wp-block-button__link">Danielle Brathwaite-Shirley</span>
                        </div>
                    </a>
                </div>
                    </div>
    </div>
